{"id":98896,"date":"2013-10-16T16:47:40","date_gmt":"2013-10-16T14:47:40","guid":{"rendered":"http:\/\/www.mojabochnia.pl\/wp-content\/uploads\/2013\/10\/10.jpg"},"modified":"2013-10-16T16:47:40","modified_gmt":"2013-10-16T14:47:40","slug":"10-30","status":"inherit","type":"attachment","link":"https:\/\/www.mojabochnia.pl\/?attachment_id=98896","title":{"rendered":"Nowy sprz\u0119t dla stra\u017cak\u00f3w ochotnik\u00f3w"},"author":4,"featured_media":0,"comment_status":"open","ping_status":"closed","template":"","meta":{"_acf_changed":false},"class_list":["post-98896","attachment","type-attachment","status-inherit","hentry"],"acf":[],"description":{"rendered":"<p class=\"attachment\"><a onclick=\"javascript:pageTracker._trackPageview('\/downloads\/wp-content\/uploads\/2013\/10\/10.jpg');\"  href='https:\/\/www.mojabochnia.pl\/wp-content\/uploads\/2013\/10\/10.jpg'><img loading=\"lazy\" decoding=\"async\" width=\"468\" height=\"263\" src=\"https:\/\/www.mojabochnia.pl\/wp-content\/uploads\/2013\/10\/10-468x263.jpg\" class=\"attachment-medium size-medium\" alt=\"\" srcset=\"https:\/\/www.mojabochnia.pl\/wp-content\/uploads\/2013\/10\/10-468x263.jpg 468w, https:\/\/www.mojabochnia.pl\/wp-content\/uploads\/2013\/10\/10-120x67.jpg 120w, https:\/\/www.mojabochnia.pl\/wp-content\/uploads\/2013\/10\/10-660x371.jpg 660w, https:\/\/www.mojabochnia.pl\/wp-content\/uploads\/2013\/10\/10.jpg 800w\" sizes=\"auto, (max-width: 468px) 100vw, 468px\" \/><\/a><\/p>\n"},"caption":{"rendered":"<p>z arch. Starostwa Powiatowego w Bochni<\/p>\n"},"alt_text":"","media_type":"image","mime_type":"image\/jpeg","media_details":{"width":800,"height":450,"file":"2013\/10\/10.jpg","sizes":{"thumbnail":{"file":"10-120x67.jpg","width":120,"height":67,"mime_type":"image\/jpeg","source_url":"https:\/\/www.mojabochnia.pl\/wp-content\/uploads\/2013\/10\/10-120x67.jpg"},"medium":{"file":"10-468x263.jpg","width":468,"height":263,"mime_type":"image\/jpeg","source_url":"https:\/\/www.mojabochnia.pl\/wp-content\/uploads\/2013\/10\/10-468x263.jpg"},"large":{"file":"10-660x371.jpg","width":660,"height":371,"mime_type":"image\/jpeg","source_url":"https:\/\/www.mojabochnia.pl\/wp-content\/uploads\/2013\/10\/10-660x371.jpg"},"thumb30":{"file":"10-30x30.jpg","width":30,"height":30,"mime_type":"image\/jpeg","source_url":"https:\/\/www.mojabochnia.pl\/wp-content\/uploads\/2013\/10\/10-30x30.jpg"},"thumb67":{"file":"10-67x67.jpg","width":67,"height":67,"mime_type":"image\/jpeg","source_url":"https:\/\/www.mojabochnia.pl\/wp-content\/uploads\/2013\/10\/10-67x67.jpg"},"full":{"file":"10.jpg","width":800,"height":450,"mime_type":"image\/jpeg","source_url":"https:\/\/www.mojabochnia.pl\/wp-content\/uploads\/2013\/10\/10.jpg"}},"image_meta":{"aperture":6.3,"credit":"Picasa","camera":"NIKON D7000","caption":"","created_timestamp":1381843299,"copyright":"","focal_length":"22","iso":"100","shutter_speed":"0.004","title":""}},"post":98890,"source_url":"https:\/\/www.mojabochnia.pl\/wp-content\/uploads\/2013\/10\/10.jpg","_links":{"self":[{"href":"https:\/\/www.mojabochnia.pl\/index.php?rest_route=\/wp\/v2\/media\/98896","targetHints":{"allow":["GET"]}}],"collection":[{"href":"https:\/\/www.mojabochnia.pl\/index.php?rest_route=\/wp\/v2\/media"}],"about":[{"href":"https:\/\/www.mojabochnia.pl\/index.php?rest_route=\/wp\/v2\/types\/attachment"}],"author":[{"embeddable":true,"href":"https:\/\/www.mojabochnia.pl\/index.php?rest_route=\/wp\/v2\/users\/4"}],"replies":[{"embeddable":true,"href":"https:\/\/www.mojabochnia.pl\/index.php?rest_route=%2Fwp%2Fv2%2Fcomments&post=98896"}],"wp:attached-to":[{"embeddable":true,"post_type":"post","id":98890,"href":"https:\/\/www.mojabochnia.pl\/index.php?rest_route=\/wp\/v2\/posts\/98890"}],"curies":[{"name":"wp","href":"https:\/\/api.w.org\/{rel}","templated":true}]}}

Nowy sprzęt dla strażaków ochotników
