{"id":81571,"date":"2012-12-06T10:43:43","date_gmt":"2012-12-06T09:43:43","guid":{"rendered":"http:\/\/www.mojabochnia.pl\/wp-content\/uploads\/2012\/12\/ok-IMG_4013.jpg"},"modified":"2012-12-06T10:43:43","modified_gmt":"2012-12-06T09:43:43","slug":"ok-img_4013","status":"inherit","type":"attachment","link":"https:\/\/www.mojabochnia.pl\/?attachment_id=81571","title":{"rendered":"Zima z pomys\u0142em dla ka\u017cdego! Narty zjazdowe, skitury, rakiety \u015bnie\u017cne w ka\u017cd\u0105 niedziel\u0119&#8230;"},"author":2,"featured_media":0,"comment_status":"open","ping_status":"closed","template":"","meta":{"_acf_changed":false},"class_list":["post-81571","attachment","type-attachment","status-inherit","hentry"],"acf":[],"description":{"rendered":"<p class=\"attachment\"><a onclick=\"javascript:pageTracker._trackPageview('\/downloads\/wp-content\/uploads\/2012\/12\/ok-IMG_4013.jpg');\"  href='https:\/\/www.mojabochnia.pl\/wp-content\/uploads\/2012\/12\/ok-IMG_4013.jpg'><img loading=\"lazy\" decoding=\"async\" width=\"468\" height=\"263\" src=\"https:\/\/www.mojabochnia.pl\/wp-content\/uploads\/2012\/12\/ok-IMG_4013-468x263.jpg\" class=\"attachment-medium size-medium\" alt=\"\" srcset=\"https:\/\/www.mojabochnia.pl\/wp-content\/uploads\/2012\/12\/ok-IMG_4013-468x263.jpg 468w, https:\/\/www.mojabochnia.pl\/wp-content\/uploads\/2012\/12\/ok-IMG_4013-120x67.jpg 120w, https:\/\/www.mojabochnia.pl\/wp-content\/uploads\/2012\/12\/ok-IMG_4013-660x371.jpg 660w, https:\/\/www.mojabochnia.pl\/wp-content\/uploads\/2012\/12\/ok-IMG_4013.jpg 800w\" sizes=\"auto, (max-width: 468px) 100vw, 468px\" \/><\/a><\/p>\n"},"caption":{"rendered":"<p>Jakub D\u0105browski<\/p>\n"},"alt_text":"","media_type":"image","mime_type":"image\/jpeg","media_details":{"width":800,"height":450,"file":"2012\/12\/ok-IMG_4013.jpg","sizes":{"thumbnail":{"file":"ok-IMG_4013-120x67.jpg","width":120,"height":67,"mime_type":"image\/jpeg","source_url":"https:\/\/www.mojabochnia.pl\/wp-content\/uploads\/2012\/12\/ok-IMG_4013-120x67.jpg"},"medium":{"file":"ok-IMG_4013-468x263.jpg","width":468,"height":263,"mime_type":"image\/jpeg","source_url":"https:\/\/www.mojabochnia.pl\/wp-content\/uploads\/2012\/12\/ok-IMG_4013-468x263.jpg"},"large":{"file":"ok-IMG_4013-660x371.jpg","width":660,"height":371,"mime_type":"image\/jpeg","source_url":"https:\/\/www.mojabochnia.pl\/wp-content\/uploads\/2012\/12\/ok-IMG_4013-660x371.jpg"},"thumb30":{"file":"ok-IMG_4013-30x30.jpg","width":30,"height":30,"mime_type":"image\/jpeg","source_url":"https:\/\/www.mojabochnia.pl\/wp-content\/uploads\/2012\/12\/ok-IMG_4013-30x30.jpg"},"thumb67":{"file":"ok-IMG_4013-67x67.jpg","width":67,"height":67,"mime_type":"image\/jpeg","source_url":"https:\/\/www.mojabochnia.pl\/wp-content\/uploads\/2012\/12\/ok-IMG_4013-67x67.jpg"},"full":{"file":"ok-IMG_4013.jpg","width":800,"height":450,"mime_type":"image\/jpeg","source_url":"https:\/\/www.mojabochnia.pl\/wp-content\/uploads\/2012\/12\/ok-IMG_4013.jpg"}},"image_meta":{"aperture":0,"credit":"","camera":"","caption":"","created_timestamp":0,"copyright":"","focal_length":0,"iso":0,"shutter_speed":0,"title":""}},"post":81560,"source_url":"https:\/\/www.mojabochnia.pl\/wp-content\/uploads\/2012\/12\/ok-IMG_4013.jpg","_links":{"self":[{"href":"https:\/\/www.mojabochnia.pl\/index.php?rest_route=\/wp\/v2\/media\/81571","targetHints":{"allow":["GET"]}}],"collection":[{"href":"https:\/\/www.mojabochnia.pl\/index.php?rest_route=\/wp\/v2\/media"}],"about":[{"href":"https:\/\/www.mojabochnia.pl\/index.php?rest_route=\/wp\/v2\/types\/attachment"}],"author":[{"embeddable":true,"href":"https:\/\/www.mojabochnia.pl\/index.php?rest_route=\/wp\/v2\/users\/2"}],"replies":[{"embeddable":true,"href":"https:\/\/www.mojabochnia.pl\/index.php?rest_route=%2Fwp%2Fv2%2Fcomments&post=81571"}],"wp:attached-to":[{"embeddable":true,"post_type":"post","id":81560,"href":"https:\/\/www.mojabochnia.pl\/index.php?rest_route=\/wp\/v2\/posts\/81560"}],"curies":[{"name":"wp","href":"https:\/\/api.w.org\/{rel}","templated":true}]}}

Zima z pomysłem dla każdego! Narty zjazdowe, skitury, rakiety śnieżne w każdą niedzielę&#8230;

<p>Jakub Dąbrowski</p>
