{"id":75043,"date":"2012-07-13T12:26:42","date_gmt":"2012-07-13T10:26:42","guid":{"rendered":"http:\/\/www.mojabochnia.pl\/wp-content\/uploads\/2012\/07\/IMAG0333.jpg"},"modified":"2012-07-13T12:26:42","modified_gmt":"2012-07-13T10:26:42","slug":"imag0333","status":"inherit","type":"attachment","link":"https:\/\/www.mojabochnia.pl\/?attachment_id=75043","title":{"rendered":"\u0141apan\u00f3w: ko\u015bci\u00f3\u0142 \u015bw. Bart\u0142omieja po powodzi wci\u0105\u017c w remoncie"},"author":4,"featured_media":0,"comment_status":"open","ping_status":"closed","template":"","meta":{"_acf_changed":false},"class_list":["post-75043","attachment","type-attachment","status-inherit","hentry"],"acf":[],"description":{"rendered":"<p class=\"attachment\"><a onclick=\"javascript:pageTracker._trackPageview('\/downloads\/wp-content\/uploads\/2012\/07\/IMAG0333.jpg');\"  href='https:\/\/www.mojabochnia.pl\/wp-content\/uploads\/2012\/07\/IMAG0333.jpg'><img loading=\"lazy\" decoding=\"async\" width=\"468\" height=\"263\" src=\"https:\/\/www.mojabochnia.pl\/wp-content\/uploads\/2012\/07\/IMAG0333-468x263.jpg\" class=\"attachment-medium size-medium\" alt=\"\" srcset=\"https:\/\/www.mojabochnia.pl\/wp-content\/uploads\/2012\/07\/IMAG0333-468x263.jpg 468w, https:\/\/www.mojabochnia.pl\/wp-content\/uploads\/2012\/07\/IMAG0333-120x67.jpg 120w, https:\/\/www.mojabochnia.pl\/wp-content\/uploads\/2012\/07\/IMAG0333-660x371.jpg 660w, https:\/\/www.mojabochnia.pl\/wp-content\/uploads\/2012\/07\/IMAG0333.jpg 800w\" sizes=\"auto, (max-width: 468px) 100vw, 468px\" \/><\/a><\/p>\n"},"caption":{"rendered":"<p>P. Michalczyk<\/p>\n"},"alt_text":"","media_type":"image","mime_type":"image\/jpeg","media_details":{"width":800,"height":450,"file":"2012\/07\/IMAG0333.jpg","sizes":{"thumbnail":{"file":"IMAG0333-120x67.jpg","width":120,"height":67,"mime_type":"image\/jpeg","source_url":"https:\/\/www.mojabochnia.pl\/wp-content\/uploads\/2012\/07\/IMAG0333-120x67.jpg"},"medium":{"file":"IMAG0333-468x263.jpg","width":468,"height":263,"mime_type":"image\/jpeg","source_url":"https:\/\/www.mojabochnia.pl\/wp-content\/uploads\/2012\/07\/IMAG0333-468x263.jpg"},"large":{"file":"IMAG0333-660x371.jpg","width":660,"height":371,"mime_type":"image\/jpeg","source_url":"https:\/\/www.mojabochnia.pl\/wp-content\/uploads\/2012\/07\/IMAG0333-660x371.jpg"},"thumb30":{"file":"IMAG0333-30x30.jpg","width":30,"height":30,"mime_type":"image\/jpeg","source_url":"https:\/\/www.mojabochnia.pl\/wp-content\/uploads\/2012\/07\/IMAG0333-30x30.jpg"},"thumb67":{"file":"IMAG0333-67x67.jpg","width":67,"height":67,"mime_type":"image\/jpeg","source_url":"https:\/\/www.mojabochnia.pl\/wp-content\/uploads\/2012\/07\/IMAG0333-67x67.jpg"},"full":{"file":"IMAG0333.jpg","width":800,"height":450,"mime_type":"image\/jpeg","source_url":"https:\/\/www.mojabochnia.pl\/wp-content\/uploads\/2012\/07\/IMAG0333.jpg"}},"image_meta":{"aperture":0,"credit":"Picasa","camera":"HTC Wildfire S A510e","caption":"","created_timestamp":1341932401,"copyright":"","focal_length":"3.53","iso":"100","shutter_speed":0,"title":""}},"post":75034,"source_url":"https:\/\/www.mojabochnia.pl\/wp-content\/uploads\/2012\/07\/IMAG0333.jpg","_links":{"self":[{"href":"https:\/\/www.mojabochnia.pl\/index.php?rest_route=\/wp\/v2\/media\/75043","targetHints":{"allow":["GET"]}}],"collection":[{"href":"https:\/\/www.mojabochnia.pl\/index.php?rest_route=\/wp\/v2\/media"}],"about":[{"href":"https:\/\/www.mojabochnia.pl\/index.php?rest_route=\/wp\/v2\/types\/attachment"}],"author":[{"embeddable":true,"href":"https:\/\/www.mojabochnia.pl\/index.php?rest_route=\/wp\/v2\/users\/4"}],"replies":[{"embeddable":true,"href":"https:\/\/www.mojabochnia.pl\/index.php?rest_route=%2Fwp%2Fv2%2Fcomments&post=75043"}],"wp:attached-to":[{"embeddable":true,"post_type":"post","id":75034,"href":"https:\/\/www.mojabochnia.pl\/index.php?rest_route=\/wp\/v2\/posts\/75034"}],"curies":[{"name":"wp","href":"https:\/\/api.w.org\/{rel}","templated":true}]}}

Łapanów: kościół św. Bartłomieja po powodzi wciąż w remoncie
