{"id":54227,"date":"2011-07-12T23:00:18","date_gmt":"2011-07-12T21:00:18","guid":{"rendered":"http:\/\/www.mojabochnia.pl\/wp-content\/uploads\/2011\/07\/IMG_0820.jpg"},"modified":"2011-07-12T23:00:18","modified_gmt":"2011-07-12T21:00:18","slug":"img_0820","status":"inherit","type":"attachment","link":"https:\/\/www.mojabochnia.pl\/?attachment_id=54227","title":{"rendered":"Che\u0142m: remont wn\u0119trza barokowej \u015bwi\u0105tyni"},"author":4,"featured_media":0,"comment_status":"open","ping_status":"closed","template":"","meta":{"_acf_changed":false},"class_list":["post-54227","attachment","type-attachment","status-inherit","hentry"],"acf":[],"description":{"rendered":"<p class=\"attachment\"><a onclick=\"javascript:pageTracker._trackPageview('\/downloads\/wp-content\/uploads\/2011\/07\/IMG_0820.jpg');\"  href='https:\/\/www.mojabochnia.pl\/wp-content\/uploads\/2011\/07\/IMG_0820.jpg'><img loading=\"lazy\" decoding=\"async\" width=\"468\" height=\"263\" src=\"https:\/\/www.mojabochnia.pl\/wp-content\/uploads\/2011\/07\/IMG_0820-468x263.jpg\" class=\"attachment-medium size-medium\" alt=\"\" srcset=\"https:\/\/www.mojabochnia.pl\/wp-content\/uploads\/2011\/07\/IMG_0820-468x263.jpg 468w, https:\/\/www.mojabochnia.pl\/wp-content\/uploads\/2011\/07\/IMG_0820-120x67.jpg 120w, https:\/\/www.mojabochnia.pl\/wp-content\/uploads\/2011\/07\/IMG_0820-660x371.jpg 660w, https:\/\/www.mojabochnia.pl\/wp-content\/uploads\/2011\/07\/IMG_0820.jpg 800w\" sizes=\"auto, (max-width: 468px) 100vw, 468px\" \/><\/a><\/p>\n"},"caption":{"rendered":"<p>P. Michalczyk<\/p>\n"},"alt_text":"","media_type":"image","mime_type":"image\/jpeg","media_details":{"width":800,"height":450,"file":"2011\/07\/IMG_0820.jpg","sizes":{"thumbnail":{"file":"IMG_0820-120x67.jpg","width":120,"height":67,"mime_type":"image\/jpeg","source_url":"https:\/\/www.mojabochnia.pl\/wp-content\/uploads\/2011\/07\/IMG_0820-120x67.jpg"},"medium":{"file":"IMG_0820-468x263.jpg","width":468,"height":263,"mime_type":"image\/jpeg","source_url":"https:\/\/www.mojabochnia.pl\/wp-content\/uploads\/2011\/07\/IMG_0820-468x263.jpg"},"large":{"file":"IMG_0820-660x371.jpg","width":660,"height":371,"mime_type":"image\/jpeg","source_url":"https:\/\/www.mojabochnia.pl\/wp-content\/uploads\/2011\/07\/IMG_0820-660x371.jpg"},"thumb30":{"file":"IMG_0820-30x30.jpg","width":30,"height":30,"mime_type":"image\/jpeg","source_url":"https:\/\/www.mojabochnia.pl\/wp-content\/uploads\/2011\/07\/IMG_0820-30x30.jpg"},"thumb67":{"file":"IMG_0820-67x67.jpg","width":67,"height":67,"mime_type":"image\/jpeg","source_url":"https:\/\/www.mojabochnia.pl\/wp-content\/uploads\/2011\/07\/IMG_0820-67x67.jpg"},"full":{"file":"IMG_0820.jpg","width":800,"height":450,"mime_type":"image\/jpeg","source_url":"https:\/\/www.mojabochnia.pl\/wp-content\/uploads\/2011\/07\/IMG_0820.jpg"}},"image_meta":{"aperture":5,"credit":"","camera":"Canon EOS 500D","caption":"","created_timestamp":1310456729,"copyright":"","focal_length":"48","iso":"400","shutter_speed":"0.0025","title":""}},"post":54218,"source_url":"https:\/\/www.mojabochnia.pl\/wp-content\/uploads\/2011\/07\/IMG_0820.jpg","_links":{"self":[{"href":"https:\/\/www.mojabochnia.pl\/index.php?rest_route=\/wp\/v2\/media\/54227","targetHints":{"allow":["GET"]}}],"collection":[{"href":"https:\/\/www.mojabochnia.pl\/index.php?rest_route=\/wp\/v2\/media"}],"about":[{"href":"https:\/\/www.mojabochnia.pl\/index.php?rest_route=\/wp\/v2\/types\/attachment"}],"author":[{"embeddable":true,"href":"https:\/\/www.mojabochnia.pl\/index.php?rest_route=\/wp\/v2\/users\/4"}],"replies":[{"embeddable":true,"href":"https:\/\/www.mojabochnia.pl\/index.php?rest_route=%2Fwp%2Fv2%2Fcomments&post=54227"}],"wp:attached-to":[{"embeddable":true,"post_type":"post","id":54218,"href":"https:\/\/www.mojabochnia.pl\/index.php?rest_route=\/wp\/v2\/posts\/54218"}],"curies":[{"name":"wp","href":"https:\/\/api.w.org\/{rel}","templated":true}]}}

Chełm: remont wnętrza barokowej świątyni
