{"id":23290,"date":"2010-02-24T14:48:01","date_gmt":"2010-02-24T13:48:01","guid":{"rendered":"http:\/\/www.mojabochnia.pl\/wp-content\/uploads\/2010\/02\/1002124_policja_01.jpg"},"modified":"2010-02-24T14:48:01","modified_gmt":"2010-02-24T13:48:01","slug":"1002124_policja_01","status":"inherit","type":"attachment","link":"https:\/\/www.mojabochnia.pl\/?attachment_id=23290","title":{"rendered":"Policjanci \u201epierwszego kontaktu\u201d \u2013 w wyremontowanych pomieszczeniach dzi\u0119ki gminie \u0141apan\u00f3w"},"author":9,"featured_media":0,"comment_status":"open","ping_status":"closed","template":"","meta":{"_acf_changed":false},"class_list":["post-23290","attachment","type-attachment","status-inherit","hentry"],"acf":[],"description":{"rendered":"<p class=\"attachment\"><a onclick=\"javascript:pageTracker._trackPageview('\/downloads\/wp-content\/uploads\/2010\/02\/1002124_policja_01.jpg');\"  href='https:\/\/www.mojabochnia.pl\/wp-content\/uploads\/2010\/02\/1002124_policja_01.jpg'><img loading=\"lazy\" decoding=\"async\" width=\"468\" height=\"263\" src=\"https:\/\/www.mojabochnia.pl\/wp-content\/uploads\/2010\/02\/1002124_policja_01-468x263.jpg\" class=\"attachment-medium size-medium\" alt=\"\" srcset=\"https:\/\/www.mojabochnia.pl\/wp-content\/uploads\/2010\/02\/1002124_policja_01-468x263.jpg 468w, https:\/\/www.mojabochnia.pl\/wp-content\/uploads\/2010\/02\/1002124_policja_01-120x67.jpg 120w, https:\/\/www.mojabochnia.pl\/wp-content\/uploads\/2010\/02\/1002124_policja_01-660x371.jpg 660w, https:\/\/www.mojabochnia.pl\/wp-content\/uploads\/2010\/02\/1002124_policja_01.jpg 983w\" sizes=\"auto, (max-width: 468px) 100vw, 468px\" \/><\/a><\/p>\n"},"caption":{"rendered":"<p>archiwum KPP w Bochni<\/p>\n"},"alt_text":"","media_type":"image","mime_type":"image\/jpeg","media_details":{"width":983,"height":554,"file":"2010\/02\/1002124_policja_01.jpg","sizes":{"thumbnail":{"file":"1002124_policja_01-120x67.jpg","width":120,"height":67,"mime_type":"image\/jpeg","source_url":"https:\/\/www.mojabochnia.pl\/wp-content\/uploads\/2010\/02\/1002124_policja_01-120x67.jpg"},"medium":{"file":"1002124_policja_01-468x263.jpg","width":468,"height":263,"mime_type":"image\/jpeg","source_url":"https:\/\/www.mojabochnia.pl\/wp-content\/uploads\/2010\/02\/1002124_policja_01-468x263.jpg"},"large":{"file":"1002124_policja_01-660x371.jpg","width":660,"height":371,"mime_type":"image\/jpeg","source_url":"https:\/\/www.mojabochnia.pl\/wp-content\/uploads\/2010\/02\/1002124_policja_01-660x371.jpg"},"thumb30":{"file":"1002124_policja_01-30x30.jpg","width":30,"height":30,"mime_type":"image\/jpeg","source_url":"https:\/\/www.mojabochnia.pl\/wp-content\/uploads\/2010\/02\/1002124_policja_01-30x30.jpg"},"thumb67":{"file":"1002124_policja_01-67x67.jpg","width":67,"height":67,"mime_type":"image\/jpeg","source_url":"https:\/\/www.mojabochnia.pl\/wp-content\/uploads\/2010\/02\/1002124_policja_01-67x67.jpg"},"full":{"file":"1002124_policja_01.jpg","width":983,"height":554,"mime_type":"image\/jpeg","source_url":"https:\/\/www.mojabochnia.pl\/wp-content\/uploads\/2010\/02\/1002124_policja_01.jpg"}},"image_meta":{"aperture":4,"credit":"","camera":"Canon EOS 450D","caption":"","created_timestamp":1267006453,"copyright":"","focal_length":"18","iso":"200","shutter_speed":"0.016666666666667","title":""}},"post":23286,"source_url":"https:\/\/www.mojabochnia.pl\/wp-content\/uploads\/2010\/02\/1002124_policja_01.jpg","_links":{"self":[{"href":"https:\/\/www.mojabochnia.pl\/index.php?rest_route=\/wp\/v2\/media\/23290","targetHints":{"allow":["GET"]}}],"collection":[{"href":"https:\/\/www.mojabochnia.pl\/index.php?rest_route=\/wp\/v2\/media"}],"about":[{"href":"https:\/\/www.mojabochnia.pl\/index.php?rest_route=\/wp\/v2\/types\/attachment"}],"author":[{"embeddable":true,"href":"https:\/\/www.mojabochnia.pl\/index.php?rest_route=\/wp\/v2\/users\/9"}],"replies":[{"embeddable":true,"href":"https:\/\/www.mojabochnia.pl\/index.php?rest_route=%2Fwp%2Fv2%2Fcomments&post=23290"}],"wp:attached-to":[{"embeddable":true,"post_type":"post","id":23286,"href":"https:\/\/www.mojabochnia.pl\/index.php?rest_route=\/wp\/v2\/posts\/23286"}],"curies":[{"name":"wp","href":"https:\/\/api.w.org\/{rel}","templated":true}]}}

Policjanci „pierwszego kontaktu” – w wyremontowanych pomieszczeniach dzięki gminie Łapanów
