{"id":215424,"date":"2025-05-28T07:28:00","date_gmt":"2025-05-28T05:28:00","guid":{"rendered":"https:\/\/www.mojabochnia.pl\/wp-content\/uploads\/2025\/05\/DSC_9342.jpg.jpg"},"modified":"2025-05-28T07:47:29","modified_gmt":"2025-05-28T05:47:29","slug":"dsc_9342-jpg","status":"inherit","type":"attachment","link":"https:\/\/www.mojabochnia.pl\/?attachment_id=215424","title":{"rendered":"I mecz samorz\u0105dowc\u00f3w powiatu boche\u0144skiego"},"author":29,"featured_media":0,"comment_status":"open","ping_status":"closed","template":"","meta":{"_acf_changed":false},"class_list":["post-215424","attachment","type-attachment","status-inherit","hentry"],"acf":[],"description":{"rendered":"<p class=\"attachment\"><a onclick=\"javascript:pageTracker._trackPageview('\/downloads\/wp-content\/uploads\/2025\/05\/DSC_9342.jpg.jpg');\"  href='https:\/\/www.mojabochnia.pl\/wp-content\/uploads\/2025\/05\/DSC_9342.jpg.jpg'><img loading=\"lazy\" decoding=\"async\" width=\"468\" height=\"310\" src=\"https:\/\/www.mojabochnia.pl\/wp-content\/uploads\/2025\/05\/DSC_9342.jpg-468x310.jpg\" class=\"attachment-medium size-medium\" alt=\"\" srcset=\"https:\/\/www.mojabochnia.pl\/wp-content\/uploads\/2025\/05\/DSC_9342.jpg-468x310.jpg 468w, https:\/\/www.mojabochnia.pl\/wp-content\/uploads\/2025\/05\/DSC_9342.jpg-1050x695.jpg 1050w, https:\/\/www.mojabochnia.pl\/wp-content\/uploads\/2025\/05\/DSC_9342.jpg-120x79.jpg 120w, https:\/\/www.mojabochnia.pl\/wp-content\/uploads\/2025\/05\/DSC_9342.jpg-768x509.jpg 768w, https:\/\/www.mojabochnia.pl\/wp-content\/uploads\/2025\/05\/DSC_9342.jpg.jpg 1087w\" sizes=\"auto, (max-width: 468px) 100vw, 468px\" \/><\/a><\/p>\n"},"caption":{"rendered":"<p>nades\u0142ane<\/p>\n"},"alt_text":"","media_type":"image","mime_type":"image\/jpeg","media_details":{"width":1087,"height":720,"file":"2025\/05\/DSC_9342.jpg.jpg","filesize":771520,"sizes":{"medium":{"file":"DSC_9342.jpg-468x310.jpg","width":468,"height":310,"filesize":59731,"mime_type":"image\/jpeg","source_url":"https:\/\/www.mojabochnia.pl\/wp-content\/uploads\/2025\/05\/DSC_9342.jpg-468x310.jpg"},"large":{"file":"DSC_9342.jpg-1050x695.jpg","width":1050,"height":695,"filesize":182618,"mime_type":"image\/jpeg","source_url":"https:\/\/www.mojabochnia.pl\/wp-content\/uploads\/2025\/05\/DSC_9342.jpg-1050x695.jpg"},"thumbnail":{"file":"DSC_9342.jpg-120x79.jpg","width":120,"height":79,"filesize":21745,"mime_type":"image\/jpeg","source_url":"https:\/\/www.mojabochnia.pl\/wp-content\/uploads\/2025\/05\/DSC_9342.jpg-120x79.jpg"},"medium_large":{"file":"DSC_9342.jpg-768x509.jpg","width":768,"height":509,"filesize":115784,"mime_type":"image\/jpeg","source_url":"https:\/\/www.mojabochnia.pl\/wp-content\/uploads\/2025\/05\/DSC_9342.jpg-768x509.jpg"},"mb-gallery-thumb":{"file":"DSC_9342.jpg-100x100.jpg","width":100,"height":100,"filesize":22036,"mime_type":"image\/jpeg","source_url":"https:\/\/www.mojabochnia.pl\/wp-content\/uploads\/2025\/05\/DSC_9342.jpg-100x100.jpg"},"iworks-upprev-vertical-3":{"file":"DSC_9342.jpg-96x96.jpg","width":96,"height":96,"filesize":21495,"mime_type":"image\/jpeg","source_url":"https:\/\/www.mojabochnia.pl\/wp-content\/uploads\/2025\/05\/DSC_9342.jpg-96x96.jpg"},"iworks-upprev-bloginity":{"file":"DSC_9342.jpg-84x84.jpg","width":84,"height":84,"filesize":21038,"mime_type":"image\/jpeg","source_url":"https:\/\/www.mojabochnia.pl\/wp-content\/uploads\/2025\/05\/DSC_9342.jpg-84x84.jpg"},"top-news-large-slider":{"file":"DSC_9342.jpg-1087x570.jpg","width":1087,"height":570,"filesize":166017,"mime_type":"image\/jpeg","source_url":"https:\/\/www.mojabochnia.pl\/wp-content\/uploads\/2025\/05\/DSC_9342.jpg-1087x570.jpg"},"top-news-thumbnail-x2":{"file":"DSC_9342.jpg-360x260.jpg","width":360,"height":260,"filesize":46312,"mime_type":"image\/jpeg","source_url":"https:\/\/www.mojabochnia.pl\/wp-content\/uploads\/2025\/05\/DSC_9342.jpg-360x260.jpg"},"top-news-slider-thumb":{"file":"DSC_9342.jpg-368x164.jpg","width":368,"height":164,"filesize":36814,"mime_type":"image\/jpeg","source_url":"https:\/\/www.mojabochnia.pl\/wp-content\/uploads\/2025\/05\/DSC_9342.jpg-368x164.jpg"},"top-news-large-featured":{"file":"DSC_9342.jpg-760x320.jpg","width":760,"height":320,"filesize":76750,"mime_type":"image\/jpeg","source_url":"https:\/\/www.mojabochnia.pl\/wp-content\/uploads\/2025\/05\/DSC_9342.jpg-760x320.jpg"},"top-news-thumbnail-featured":{"file":"DSC_9342.jpg-380x320.jpg","width":380,"height":320,"filesize":52526,"mime_type":"image\/jpeg","source_url":"https:\/\/www.mojabochnia.pl\/wp-content\/uploads\/2025\/05\/DSC_9342.jpg-380x320.jpg"},"top-news-3-col-featured":{"file":"DSC_9342.jpg-376x316.jpg","width":376,"height":316,"filesize":51952,"mime_type":"image\/jpeg","source_url":"https:\/\/www.mojabochnia.pl\/wp-content\/uploads\/2025\/05\/DSC_9342.jpg-376x316.jpg"},"top-news-gallery-wide":{"file":"DSC_9342.jpg-555x320.jpg","width":555,"height":320,"filesize":66180,"mime_type":"image\/jpeg","source_url":"https:\/\/www.mojabochnia.pl\/wp-content\/uploads\/2025\/05\/DSC_9342.jpg-555x320.jpg"},"full":{"file":"DSC_9342.jpg.jpg","width":1087,"height":720,"mime_type":"image\/jpeg","source_url":"https:\/\/www.mojabochnia.pl\/wp-content\/uploads\/2025\/05\/DSC_9342.jpg.jpg"}},"image_meta":{"aperture":"0","credit":"","camera":"","caption":"","created_timestamp":"1747501199","copyright":"","focal_length":"0","iso":"0","shutter_speed":"0","title":"","orientation":"0","keywords":[]}},"post":215397,"source_url":"https:\/\/www.mojabochnia.pl\/wp-content\/uploads\/2025\/05\/DSC_9342.jpg.jpg","_links":{"self":[{"href":"https:\/\/www.mojabochnia.pl\/index.php?rest_route=\/wp\/v2\/media\/215424","targetHints":{"allow":["GET"]}}],"collection":[{"href":"https:\/\/www.mojabochnia.pl\/index.php?rest_route=\/wp\/v2\/media"}],"about":[{"href":"https:\/\/www.mojabochnia.pl\/index.php?rest_route=\/wp\/v2\/types\/attachment"}],"author":[{"embeddable":true,"href":"https:\/\/www.mojabochnia.pl\/index.php?rest_route=\/wp\/v2\/users\/29"}],"replies":[{"embeddable":true,"href":"https:\/\/www.mojabochnia.pl\/index.php?rest_route=%2Fwp%2Fv2%2Fcomments&post=215424"}],"wp:attached-to":[{"embeddable":true,"post_type":"post","id":215397,"href":"https:\/\/www.mojabochnia.pl\/index.php?rest_route=\/wp\/v2\/posts\/215397"}],"curies":[{"name":"wp","href":"https:\/\/api.w.org\/{rel}","templated":true}]}}

I mecz samorządowców powiatu bocheńskiego

<p>nadesłane</p>
