{"id":210852,"date":"2024-12-09T00:36:45","date_gmt":"2024-12-08T23:36:45","guid":{"rendered":"https:\/\/www.mojabochnia.pl\/wp-content\/uploads\/2024\/12\/DSC_8221.jpg"},"modified":"2024-12-09T06:27:42","modified_gmt":"2024-12-09T05:27:42","slug":"dsc_8221-2","status":"inherit","type":"attachment","link":"https:\/\/www.mojabochnia.pl\/?attachment_id=210852","title":{"rendered":"W niedziel\u0119 8 grudnia odby\u0142 si\u0119 Koncert Barb\u00f3rkowy Orkiestry D\u0119tej Kopalnia Soli Bochnia wspieranej przez dzieci z Przedszkola nr 3 G\u00f3rniczy K\u0105cik"},"author":29,"featured_media":0,"comment_status":"open","ping_status":"closed","template":"","meta":{"_acf_changed":false},"class_list":["post-210852","attachment","type-attachment","status-inherit","hentry"],"acf":[],"description":{"rendered":"<p class=\"attachment\"><a onclick=\"javascript:pageTracker._trackPageview('\/downloads\/wp-content\/uploads\/2024\/12\/DSC_8221.jpg');\"  href='https:\/\/www.mojabochnia.pl\/wp-content\/uploads\/2024\/12\/DSC_8221.jpg'><img loading=\"lazy\" decoding=\"async\" width=\"468\" height=\"312\" src=\"https:\/\/www.mojabochnia.pl\/wp-content\/uploads\/2024\/12\/DSC_8221-468x312.jpg\" class=\"attachment-medium size-medium\" alt=\"\" srcset=\"https:\/\/www.mojabochnia.pl\/wp-content\/uploads\/2024\/12\/DSC_8221-468x312.jpg 468w, https:\/\/www.mojabochnia.pl\/wp-content\/uploads\/2024\/12\/DSC_8221-1050x700.jpg 1050w, https:\/\/www.mojabochnia.pl\/wp-content\/uploads\/2024\/12\/DSC_8221-120x80.jpg 120w, https:\/\/www.mojabochnia.pl\/wp-content\/uploads\/2024\/12\/DSC_8221-768x512.jpg 768w, https:\/\/www.mojabochnia.pl\/wp-content\/uploads\/2024\/12\/DSC_8221.jpg 1500w\" sizes=\"auto, (max-width: 468px) 100vw, 468px\" \/><\/a><\/p>\n"},"caption":{"rendered":"<p>M. Kalinowski<\/p>\n"},"alt_text":"","media_type":"image","mime_type":"image\/jpeg","media_details":{"width":1500,"height":1000,"file":"2024\/12\/DSC_8221.jpg","filesize":1129960,"sizes":{"medium":{"file":"DSC_8221-468x312.jpg","width":468,"height":312,"filesize":55084,"mime_type":"image\/jpeg","source_url":"https:\/\/www.mojabochnia.pl\/wp-content\/uploads\/2024\/12\/DSC_8221-468x312.jpg"},"large":{"file":"DSC_8221-1050x700.jpg","width":1050,"height":700,"filesize":165128,"mime_type":"image\/jpeg","source_url":"https:\/\/www.mojabochnia.pl\/wp-content\/uploads\/2024\/12\/DSC_8221-1050x700.jpg"},"thumbnail":{"file":"DSC_8221-120x80.jpg","width":120,"height":80,"filesize":19250,"mime_type":"image\/jpeg","source_url":"https:\/\/www.mojabochnia.pl\/wp-content\/uploads\/2024\/12\/DSC_8221-120x80.jpg"},"medium_large":{"file":"DSC_8221-768x512.jpg","width":768,"height":512,"filesize":104327,"mime_type":"image\/jpeg","source_url":"https:\/\/www.mojabochnia.pl\/wp-content\/uploads\/2024\/12\/DSC_8221-768x512.jpg"},"mb-gallery-thumb":{"file":"DSC_8221-100x100.jpg","width":100,"height":100,"filesize":19615,"mime_type":"image\/jpeg","source_url":"https:\/\/www.mojabochnia.pl\/wp-content\/uploads\/2024\/12\/DSC_8221-100x100.jpg"},"iworks-upprev-vertical-3":{"file":"DSC_8221-96x96.jpg","width":96,"height":96,"filesize":19084,"mime_type":"image\/jpeg","source_url":"https:\/\/www.mojabochnia.pl\/wp-content\/uploads\/2024\/12\/DSC_8221-96x96.jpg"},"iworks-upprev-bloginity":{"file":"DSC_8221-84x84.jpg","width":84,"height":84,"filesize":18504,"mime_type":"image\/jpeg","source_url":"https:\/\/www.mojabochnia.pl\/wp-content\/uploads\/2024\/12\/DSC_8221-84x84.jpg"},"top-news-large-slider":{"file":"DSC_8221-1140x570.jpg","width":1140,"height":570,"filesize":152503,"mime_type":"image\/jpeg","source_url":"https:\/\/www.mojabochnia.pl\/wp-content\/uploads\/2024\/12\/DSC_8221-1140x570.jpg"},"top-news-thumbnail-x2":{"file":"DSC_8221-360x260.jpg","width":360,"height":260,"filesize":43339,"mime_type":"image\/jpeg","source_url":"https:\/\/www.mojabochnia.pl\/wp-content\/uploads\/2024\/12\/DSC_8221-360x260.jpg"},"top-news-slider-thumb":{"file":"DSC_8221-368x164.jpg","width":368,"height":164,"filesize":34394,"mime_type":"image\/jpeg","source_url":"https:\/\/www.mojabochnia.pl\/wp-content\/uploads\/2024\/12\/DSC_8221-368x164.jpg"},"top-news-large-featured":{"file":"DSC_8221-760x320.jpg","width":760,"height":320,"filesize":74036,"mime_type":"image\/jpeg","source_url":"https:\/\/www.mojabochnia.pl\/wp-content\/uploads\/2024\/12\/DSC_8221-760x320.jpg"},"top-news-thumbnail-featured":{"file":"DSC_8221-380x320.jpg","width":380,"height":320,"filesize":49836,"mime_type":"image\/jpeg","source_url":"https:\/\/www.mojabochnia.pl\/wp-content\/uploads\/2024\/12\/DSC_8221-380x320.jpg"},"top-news-3-col-featured":{"file":"DSC_8221-376x316.jpg","width":376,"height":316,"filesize":49075,"mime_type":"image\/jpeg","source_url":"https:\/\/www.mojabochnia.pl\/wp-content\/uploads\/2024\/12\/DSC_8221-376x316.jpg"},"top-news-gallery-wide":{"file":"DSC_8221-555x320.jpg","width":555,"height":320,"filesize":62999,"mime_type":"image\/jpeg","source_url":"https:\/\/www.mojabochnia.pl\/wp-content\/uploads\/2024\/12\/DSC_8221-555x320.jpg"},"full":{"file":"DSC_8221.jpg","width":1500,"height":1000,"mime_type":"image\/jpeg","source_url":"https:\/\/www.mojabochnia.pl\/wp-content\/uploads\/2024\/12\/DSC_8221.jpg"}},"image_meta":{"aperture":"3.2","credit":"","camera":"NIKON D500","caption":"","created_timestamp":"1733686797","copyright":"","focal_length":"35","iso":"8000","shutter_speed":"0.0025","title":"","orientation":"1","keywords":[]}},"post":210824,"source_url":"https:\/\/www.mojabochnia.pl\/wp-content\/uploads\/2024\/12\/DSC_8221.jpg","_links":{"self":[{"href":"https:\/\/www.mojabochnia.pl\/index.php?rest_route=\/wp\/v2\/media\/210852","targetHints":{"allow":["GET"]}}],"collection":[{"href":"https:\/\/www.mojabochnia.pl\/index.php?rest_route=\/wp\/v2\/media"}],"about":[{"href":"https:\/\/www.mojabochnia.pl\/index.php?rest_route=\/wp\/v2\/types\/attachment"}],"author":[{"embeddable":true,"href":"https:\/\/www.mojabochnia.pl\/index.php?rest_route=\/wp\/v2\/users\/29"}],"replies":[{"embeddable":true,"href":"https:\/\/www.mojabochnia.pl\/index.php?rest_route=%2Fwp%2Fv2%2Fcomments&post=210852"}],"wp:attached-to":[{"embeddable":true,"post_type":"post","id":210824,"href":"https:\/\/www.mojabochnia.pl\/index.php?rest_route=\/wp\/v2\/posts\/210824"}],"curies":[{"name":"wp","href":"https:\/\/api.w.org\/{rel}","templated":true}]}}

W niedzielę 8 grudnia odbył się Koncert Barbórkowy Orkiestry Dętej Kopalnia Soli Bochnia wspieranej przez dzieci z Przedszkola nr 3 Górniczy Kącik
