{"id":206457,"date":"2024-05-24T07:32:37","date_gmt":"2024-05-24T05:32:37","guid":{"rendered":"https:\/\/www.mojabochnia.pl\/wp-content\/uploads\/2024\/05\/WSA_5639.jpg"},"modified":"2024-05-24T07:41:39","modified_gmt":"2024-05-24T05:41:39","slug":"wsa_5639","status":"inherit","type":"attachment","link":"https:\/\/www.mojabochnia.pl\/?attachment_id=206457","title":{"rendered":"Warsztaty i pr\u00f3by Przed fina\u0142em Festiwalu Integracja Malowana D\u017awi\u0119kiem"},"author":29,"featured_media":0,"comment_status":"open","ping_status":"closed","template":"","meta":{"_acf_changed":false},"class_list":["post-206457","attachment","type-attachment","status-inherit","hentry"],"acf":[],"description":{"rendered":"<p class=\"attachment\"><a onclick=\"javascript:pageTracker._trackPageview('\/downloads\/wp-content\/uploads\/2024\/05\/WSA_5639.jpg');\"  href='https:\/\/www.mojabochnia.pl\/wp-content\/uploads\/2024\/05\/WSA_5639.jpg'><img loading=\"lazy\" decoding=\"async\" width=\"468\" height=\"312\" src=\"https:\/\/www.mojabochnia.pl\/wp-content\/uploads\/2024\/05\/WSA_5639-468x312.jpg\" class=\"attachment-medium size-medium\" alt=\"\" srcset=\"https:\/\/www.mojabochnia.pl\/wp-content\/uploads\/2024\/05\/WSA_5639-468x312.jpg 468w, https:\/\/www.mojabochnia.pl\/wp-content\/uploads\/2024\/05\/WSA_5639-1050x700.jpg 1050w, https:\/\/www.mojabochnia.pl\/wp-content\/uploads\/2024\/05\/WSA_5639-120x80.jpg 120w, https:\/\/www.mojabochnia.pl\/wp-content\/uploads\/2024\/05\/WSA_5639-768x512.jpg 768w, https:\/\/www.mojabochnia.pl\/wp-content\/uploads\/2024\/05\/WSA_5639-1536x1023.jpg 1536w, https:\/\/www.mojabochnia.pl\/wp-content\/uploads\/2024\/05\/WSA_5639.jpg 1600w\" sizes=\"auto, (max-width: 468px) 100vw, 468px\" \/><\/a><\/p>\n"},"caption":{"rendered":"<p>W. Salamon<\/p>\n"},"alt_text":"","media_type":"image","mime_type":"image\/jpeg","media_details":{"width":1600,"height":1066,"file":"2024\/05\/WSA_5639.jpg","filesize":392009,"sizes":{"medium":{"file":"WSA_5639-468x312.jpg","width":468,"height":312,"filesize":53703,"mime_type":"image\/jpeg","source_url":"https:\/\/www.mojabochnia.pl\/wp-content\/uploads\/2024\/05\/WSA_5639-468x312.jpg"},"large":{"file":"WSA_5639-1050x700.jpg","width":1050,"height":700,"filesize":167942,"mime_type":"image\/jpeg","source_url":"https:\/\/www.mojabochnia.pl\/wp-content\/uploads\/2024\/05\/WSA_5639-1050x700.jpg"},"thumbnail":{"file":"WSA_5639-120x80.jpg","width":120,"height":80,"filesize":17263,"mime_type":"image\/jpeg","source_url":"https:\/\/www.mojabochnia.pl\/wp-content\/uploads\/2024\/05\/WSA_5639-120x80.jpg"},"medium_large":{"file":"WSA_5639-768x512.jpg","width":768,"height":512,"filesize":102923,"mime_type":"image\/jpeg","source_url":"https:\/\/www.mojabochnia.pl\/wp-content\/uploads\/2024\/05\/WSA_5639-768x512.jpg"},"1536x1536":{"file":"WSA_5639-1536x1023.jpg","width":1536,"height":1023,"filesize":329765,"mime_type":"image\/jpeg","source_url":"https:\/\/www.mojabochnia.pl\/wp-content\/uploads\/2024\/05\/WSA_5639-1536x1023.jpg"},"mb-gallery-thumb":{"file":"WSA_5639-100x100.jpg","width":100,"height":100,"filesize":17430,"mime_type":"image\/jpeg","source_url":"https:\/\/www.mojabochnia.pl\/wp-content\/uploads\/2024\/05\/WSA_5639-100x100.jpg"},"iworks-upprev-vertical-3":{"file":"WSA_5639-96x96.jpg","width":96,"height":96,"filesize":16954,"mime_type":"image\/jpeg","source_url":"https:\/\/www.mojabochnia.pl\/wp-content\/uploads\/2024\/05\/WSA_5639-96x96.jpg"},"iworks-upprev-bloginity":{"file":"WSA_5639-84x84.jpg","width":84,"height":84,"filesize":16450,"mime_type":"image\/jpeg","source_url":"https:\/\/www.mojabochnia.pl\/wp-content\/uploads\/2024\/05\/WSA_5639-84x84.jpg"},"top-news-large-slider":{"file":"WSA_5639-1140x570.jpg","width":1140,"height":570,"filesize":156126,"mime_type":"image\/jpeg","source_url":"https:\/\/www.mojabochnia.pl\/wp-content\/uploads\/2024\/05\/WSA_5639-1140x570.jpg"},"top-news-thumbnail-x2":{"file":"WSA_5639-360x260.jpg","width":360,"height":260,"filesize":41357,"mime_type":"image\/jpeg","source_url":"https:\/\/www.mojabochnia.pl\/wp-content\/uploads\/2024\/05\/WSA_5639-360x260.jpg"},"top-news-slider-thumb":{"file":"WSA_5639-368x164.jpg","width":368,"height":164,"filesize":33126,"mime_type":"image\/jpeg","source_url":"https:\/\/www.mojabochnia.pl\/wp-content\/uploads\/2024\/05\/WSA_5639-368x164.jpg"},"top-news-large-featured":{"file":"WSA_5639-760x320.jpg","width":760,"height":320,"filesize":73583,"mime_type":"image\/jpeg","source_url":"https:\/\/www.mojabochnia.pl\/wp-content\/uploads\/2024\/05\/WSA_5639-760x320.jpg"},"top-news-thumbnail-featured":{"file":"WSA_5639-380x320.jpg","width":380,"height":320,"filesize":46606,"mime_type":"image\/jpeg","source_url":"https:\/\/www.mojabochnia.pl\/wp-content\/uploads\/2024\/05\/WSA_5639-380x320.jpg"},"top-news-3-col-featured":{"file":"WSA_5639-376x316.jpg","width":376,"height":316,"filesize":45981,"mime_type":"image\/jpeg","source_url":"https:\/\/www.mojabochnia.pl\/wp-content\/uploads\/2024\/05\/WSA_5639-376x316.jpg"},"top-news-gallery-wide":{"file":"WSA_5639-555x320.jpg","width":555,"height":320,"filesize":60805,"mime_type":"image\/jpeg","source_url":"https:\/\/www.mojabochnia.pl\/wp-content\/uploads\/2024\/05\/WSA_5639-555x320.jpg"},"full":{"file":"WSA_5639.jpg","width":1600,"height":1066,"mime_type":"image\/jpeg","source_url":"https:\/\/www.mojabochnia.pl\/wp-content\/uploads\/2024\/05\/WSA_5639.jpg"}},"image_meta":{"aperture":"4","credit":"WOJTEK_SALAMON","camera":"NIKON Z 8","caption":"","created_timestamp":"1716469970","copyright":"WOJCIECH SALAMON","focal_length":"56","iso":"8000","shutter_speed":"0.004","title":"","orientation":"0","keywords":[]}},"post":206335,"source_url":"https:\/\/www.mojabochnia.pl\/wp-content\/uploads\/2024\/05\/WSA_5639.jpg","_links":{"self":[{"href":"https:\/\/www.mojabochnia.pl\/index.php?rest_route=\/wp\/v2\/media\/206457","targetHints":{"allow":["GET"]}}],"collection":[{"href":"https:\/\/www.mojabochnia.pl\/index.php?rest_route=\/wp\/v2\/media"}],"about":[{"href":"https:\/\/www.mojabochnia.pl\/index.php?rest_route=\/wp\/v2\/types\/attachment"}],"author":[{"embeddable":true,"href":"https:\/\/www.mojabochnia.pl\/index.php?rest_route=\/wp\/v2\/users\/29"}],"replies":[{"embeddable":true,"href":"https:\/\/www.mojabochnia.pl\/index.php?rest_route=%2Fwp%2Fv2%2Fcomments&post=206457"}],"wp:attached-to":[{"embeddable":true,"post_type":"post","id":206335,"href":"https:\/\/www.mojabochnia.pl\/index.php?rest_route=\/wp\/v2\/posts\/206335"}],"curies":[{"name":"wp","href":"https:\/\/api.w.org\/{rel}","templated":true}]}}

Warsztaty i próby Przed finałem Festiwalu Integracja Malowana Dźwiękiem
