{"id":206436,"date":"2024-05-24T07:30:52","date_gmt":"2024-05-24T05:30:52","guid":{"rendered":"https:\/\/www.mojabochnia.pl\/wp-content\/uploads\/2024\/05\/WSA_5546.jpg"},"modified":"2024-05-24T07:41:39","modified_gmt":"2024-05-24T05:41:39","slug":"wsa_5546","status":"inherit","type":"attachment","link":"https:\/\/www.mojabochnia.pl\/?attachment_id=206436","title":{"rendered":"Warsztaty i pr\u00f3by Przed fina\u0142em Festiwalu Integracja Malowana D\u017awi\u0119kiem"},"author":29,"featured_media":0,"comment_status":"open","ping_status":"closed","template":"","meta":{"_acf_changed":false},"class_list":["post-206436","attachment","type-attachment","status-inherit","hentry"],"acf":[],"description":{"rendered":"<p class=\"attachment\"><a onclick=\"javascript:pageTracker._trackPageview('\/downloads\/wp-content\/uploads\/2024\/05\/WSA_5546.jpg');\"  href='https:\/\/www.mojabochnia.pl\/wp-content\/uploads\/2024\/05\/WSA_5546.jpg'><img loading=\"lazy\" decoding=\"async\" width=\"468\" height=\"702\" src=\"https:\/\/www.mojabochnia.pl\/wp-content\/uploads\/2024\/05\/WSA_5546-468x702.jpg\" class=\"attachment-medium size-medium\" alt=\"\" srcset=\"https:\/\/www.mojabochnia.pl\/wp-content\/uploads\/2024\/05\/WSA_5546-468x702.jpg 468w, https:\/\/www.mojabochnia.pl\/wp-content\/uploads\/2024\/05\/WSA_5546-1050x1576.jpg 1050w, https:\/\/www.mojabochnia.pl\/wp-content\/uploads\/2024\/05\/WSA_5546-120x180.jpg 120w, https:\/\/www.mojabochnia.pl\/wp-content\/uploads\/2024\/05\/WSA_5546-768x1153.jpg 768w, https:\/\/www.mojabochnia.pl\/wp-content\/uploads\/2024\/05\/WSA_5546-1023x1536.jpg 1023w, https:\/\/www.mojabochnia.pl\/wp-content\/uploads\/2024\/05\/WSA_5546.jpg 1066w\" sizes=\"auto, (max-width: 468px) 100vw, 468px\" \/><\/a><\/p>\n"},"caption":{"rendered":"<p>W. Salamon<\/p>\n"},"alt_text":"","media_type":"image","mime_type":"image\/jpeg","media_details":{"width":1066,"height":1600,"file":"2024\/05\/WSA_5546.jpg","filesize":290144,"sizes":{"medium":{"file":"WSA_5546-468x702.jpg","width":468,"height":702,"filesize":69050,"mime_type":"image\/jpeg","source_url":"https:\/\/www.mojabochnia.pl\/wp-content\/uploads\/2024\/05\/WSA_5546-468x702.jpg"},"large":{"file":"WSA_5546-1050x1576.jpg","width":1050,"height":1576,"filesize":261695,"mime_type":"image\/jpeg","source_url":"https:\/\/www.mojabochnia.pl\/wp-content\/uploads\/2024\/05\/WSA_5546-1050x1576.jpg"},"thumbnail":{"file":"WSA_5546-120x180.jpg","width":120,"height":180,"filesize":19371,"mime_type":"image\/jpeg","source_url":"https:\/\/www.mojabochnia.pl\/wp-content\/uploads\/2024\/05\/WSA_5546-120x180.jpg"},"medium_large":{"file":"WSA_5546-768x1153.jpg","width":768,"height":1153,"filesize":147392,"mime_type":"image\/jpeg","source_url":"https:\/\/www.mojabochnia.pl\/wp-content\/uploads\/2024\/05\/WSA_5546-768x1153.jpg"},"1536x1536":{"file":"WSA_5546-1023x1536.jpg","width":1023,"height":1536,"filesize":248697,"mime_type":"image\/jpeg","source_url":"https:\/\/www.mojabochnia.pl\/wp-content\/uploads\/2024\/05\/WSA_5546-1023x1536.jpg"},"mb-gallery-thumb":{"file":"WSA_5546-100x100.jpg","width":100,"height":100,"filesize":16694,"mime_type":"image\/jpeg","source_url":"https:\/\/www.mojabochnia.pl\/wp-content\/uploads\/2024\/05\/WSA_5546-100x100.jpg"},"iworks-upprev-vertical-3":{"file":"WSA_5546-96x96.jpg","width":96,"height":96,"filesize":16227,"mime_type":"image\/jpeg","source_url":"https:\/\/www.mojabochnia.pl\/wp-content\/uploads\/2024\/05\/WSA_5546-96x96.jpg"},"iworks-upprev-bloginity":{"file":"WSA_5546-84x84.jpg","width":84,"height":84,"filesize":15939,"mime_type":"image\/jpeg","source_url":"https:\/\/www.mojabochnia.pl\/wp-content\/uploads\/2024\/05\/WSA_5546-84x84.jpg"},"top-news-large-slider":{"file":"WSA_5546-1066x570.jpg","width":1066,"height":570,"filesize":122711,"mime_type":"image\/jpeg","source_url":"https:\/\/www.mojabochnia.pl\/wp-content\/uploads\/2024\/05\/WSA_5546-1066x570.jpg"},"top-news-thumbnail-x2":{"file":"WSA_5546-360x260.jpg","width":360,"height":260,"filesize":32612,"mime_type":"image\/jpeg","source_url":"https:\/\/www.mojabochnia.pl\/wp-content\/uploads\/2024\/05\/WSA_5546-360x260.jpg"},"top-news-slider-thumb":{"file":"WSA_5546-368x164.jpg","width":368,"height":164,"filesize":25309,"mime_type":"image\/jpeg","source_url":"https:\/\/www.mojabochnia.pl\/wp-content\/uploads\/2024\/05\/WSA_5546-368x164.jpg"},"top-news-large-featured":{"file":"WSA_5546-760x320.jpg","width":760,"height":320,"filesize":50880,"mime_type":"image\/jpeg","source_url":"https:\/\/www.mojabochnia.pl\/wp-content\/uploads\/2024\/05\/WSA_5546-760x320.jpg"},"top-news-thumbnail-featured":{"file":"WSA_5546-380x320.jpg","width":380,"height":320,"filesize":36755,"mime_type":"image\/jpeg","source_url":"https:\/\/www.mojabochnia.pl\/wp-content\/uploads\/2024\/05\/WSA_5546-380x320.jpg"},"top-news-3-col-featured":{"file":"WSA_5546-376x316.jpg","width":376,"height":316,"filesize":36437,"mime_type":"image\/jpeg","source_url":"https:\/\/www.mojabochnia.pl\/wp-content\/uploads\/2024\/05\/WSA_5546-376x316.jpg"},"top-news-gallery-wide":{"file":"WSA_5546-555x320.jpg","width":555,"height":320,"filesize":44265,"mime_type":"image\/jpeg","source_url":"https:\/\/www.mojabochnia.pl\/wp-content\/uploads\/2024\/05\/WSA_5546-555x320.jpg"},"full":{"file":"WSA_5546.jpg","width":1066,"height":1600,"mime_type":"image\/jpeg","source_url":"https:\/\/www.mojabochnia.pl\/wp-content\/uploads\/2024\/05\/WSA_5546.jpg"}},"image_meta":{"aperture":"4","credit":"WOJTEK_SALAMON","camera":"NIKON Z 8","caption":"","created_timestamp":"1716466777","copyright":"WOJCIECH SALAMON","focal_length":"57","iso":"4000","shutter_speed":"0.005","title":"","orientation":"0","keywords":[]}},"post":206335,"source_url":"https:\/\/www.mojabochnia.pl\/wp-content\/uploads\/2024\/05\/WSA_5546.jpg","_links":{"self":[{"href":"https:\/\/www.mojabochnia.pl\/index.php?rest_route=\/wp\/v2\/media\/206436","targetHints":{"allow":["GET"]}}],"collection":[{"href":"https:\/\/www.mojabochnia.pl\/index.php?rest_route=\/wp\/v2\/media"}],"about":[{"href":"https:\/\/www.mojabochnia.pl\/index.php?rest_route=\/wp\/v2\/types\/attachment"}],"author":[{"embeddable":true,"href":"https:\/\/www.mojabochnia.pl\/index.php?rest_route=\/wp\/v2\/users\/29"}],"replies":[{"embeddable":true,"href":"https:\/\/www.mojabochnia.pl\/index.php?rest_route=%2Fwp%2Fv2%2Fcomments&post=206436"}],"wp:attached-to":[{"embeddable":true,"post_type":"post","id":206335,"href":"https:\/\/www.mojabochnia.pl\/index.php?rest_route=\/wp\/v2\/posts\/206335"}],"curies":[{"name":"wp","href":"https:\/\/api.w.org\/{rel}","templated":true}]}}

Warsztaty i próby Przed finałem Festiwalu Integracja Malowana Dźwiękiem
