{"id":206357,"date":"2024-05-24T07:23:58","date_gmt":"2024-05-24T05:23:58","guid":{"rendered":"https:\/\/www.mojabochnia.pl\/wp-content\/uploads\/2024\/05\/WSA_5289.jpg"},"modified":"2024-05-24T07:41:39","modified_gmt":"2024-05-24T05:41:39","slug":"wsa_5289","status":"inherit","type":"attachment","link":"https:\/\/www.mojabochnia.pl\/?attachment_id=206357","title":{"rendered":"Warsztaty i pr\u00f3by Przed fina\u0142em Festiwalu Integracja Malowana D\u017awi\u0119kiem"},"author":29,"featured_media":0,"comment_status":"open","ping_status":"closed","template":"","meta":{"_acf_changed":false},"class_list":["post-206357","attachment","type-attachment","status-inherit","hentry"],"acf":[],"description":{"rendered":"<p class=\"attachment\"><a onclick=\"javascript:pageTracker._trackPageview('\/downloads\/wp-content\/uploads\/2024\/05\/WSA_5289.jpg');\"  href='https:\/\/www.mojabochnia.pl\/wp-content\/uploads\/2024\/05\/WSA_5289.jpg'><img loading=\"lazy\" decoding=\"async\" width=\"468\" height=\"702\" src=\"https:\/\/www.mojabochnia.pl\/wp-content\/uploads\/2024\/05\/WSA_5289-468x702.jpg\" class=\"attachment-medium size-medium\" alt=\"\" srcset=\"https:\/\/www.mojabochnia.pl\/wp-content\/uploads\/2024\/05\/WSA_5289-468x702.jpg 468w, https:\/\/www.mojabochnia.pl\/wp-content\/uploads\/2024\/05\/WSA_5289-1050x1575.jpg 1050w, https:\/\/www.mojabochnia.pl\/wp-content\/uploads\/2024\/05\/WSA_5289-120x180.jpg 120w, https:\/\/www.mojabochnia.pl\/wp-content\/uploads\/2024\/05\/WSA_5289-768x1152.jpg 768w, https:\/\/www.mojabochnia.pl\/wp-content\/uploads\/2024\/05\/WSA_5289-1024x1536.jpg 1024w, https:\/\/www.mojabochnia.pl\/wp-content\/uploads\/2024\/05\/WSA_5289.jpg 1067w\" sizes=\"auto, (max-width: 468px) 100vw, 468px\" \/><\/a><\/p>\n"},"caption":{"rendered":"<p>W. Salamon<\/p>\n"},"alt_text":"","media_type":"image","mime_type":"image\/jpeg","media_details":{"width":1067,"height":1600,"file":"2024\/05\/WSA_5289.jpg","filesize":170206,"sizes":{"medium":{"file":"WSA_5289-468x702.jpg","width":468,"height":702,"filesize":51341,"mime_type":"image\/jpeg","source_url":"https:\/\/www.mojabochnia.pl\/wp-content\/uploads\/2024\/05\/WSA_5289-468x702.jpg"},"large":{"file":"WSA_5289-1050x1575.jpg","width":1050,"height":1575,"filesize":162152,"mime_type":"image\/jpeg","source_url":"https:\/\/www.mojabochnia.pl\/wp-content\/uploads\/2024\/05\/WSA_5289-1050x1575.jpg"},"thumbnail":{"file":"WSA_5289-120x180.jpg","width":120,"height":180,"filesize":17871,"mime_type":"image\/jpeg","source_url":"https:\/\/www.mojabochnia.pl\/wp-content\/uploads\/2024\/05\/WSA_5289-120x180.jpg"},"medium_large":{"file":"WSA_5289-768x1152.jpg","width":768,"height":1152,"filesize":99491,"mime_type":"image\/jpeg","source_url":"https:\/\/www.mojabochnia.pl\/wp-content\/uploads\/2024\/05\/WSA_5289-768x1152.jpg"},"1536x1536":{"file":"WSA_5289-1024x1536.jpg","width":1024,"height":1536,"filesize":155354,"mime_type":"image\/jpeg","source_url":"https:\/\/www.mojabochnia.pl\/wp-content\/uploads\/2024\/05\/WSA_5289-1024x1536.jpg"},"mb-gallery-thumb":{"file":"WSA_5289-100x100.jpg","width":100,"height":100,"filesize":16016,"mime_type":"image\/jpeg","source_url":"https:\/\/www.mojabochnia.pl\/wp-content\/uploads\/2024\/05\/WSA_5289-100x100.jpg"},"iworks-upprev-vertical-3":{"file":"WSA_5289-96x96.jpg","width":96,"height":96,"filesize":15750,"mime_type":"image\/jpeg","source_url":"https:\/\/www.mojabochnia.pl\/wp-content\/uploads\/2024\/05\/WSA_5289-96x96.jpg"},"iworks-upprev-bloginity":{"file":"WSA_5289-84x84.jpg","width":84,"height":84,"filesize":15473,"mime_type":"image\/jpeg","source_url":"https:\/\/www.mojabochnia.pl\/wp-content\/uploads\/2024\/05\/WSA_5289-84x84.jpg"},"top-news-large-slider":{"file":"WSA_5289-1067x570.jpg","width":1067,"height":570,"filesize":85285,"mime_type":"image\/jpeg","source_url":"https:\/\/www.mojabochnia.pl\/wp-content\/uploads\/2024\/05\/WSA_5289-1067x570.jpg"},"top-news-thumbnail-x2":{"file":"WSA_5289-360x260.jpg","width":360,"height":260,"filesize":27108,"mime_type":"image\/jpeg","source_url":"https:\/\/www.mojabochnia.pl\/wp-content\/uploads\/2024\/05\/WSA_5289-360x260.jpg"},"top-news-slider-thumb":{"file":"WSA_5289-368x164.jpg","width":368,"height":164,"filesize":22636,"mime_type":"image\/jpeg","source_url":"https:\/\/www.mojabochnia.pl\/wp-content\/uploads\/2024\/05\/WSA_5289-368x164.jpg"},"top-news-large-featured":{"file":"WSA_5289-760x320.jpg","width":760,"height":320,"filesize":41344,"mime_type":"image\/jpeg","source_url":"https:\/\/www.mojabochnia.pl\/wp-content\/uploads\/2024\/05\/WSA_5289-760x320.jpg"},"top-news-thumbnail-featured":{"file":"WSA_5289-380x320.jpg","width":380,"height":320,"filesize":30655,"mime_type":"image\/jpeg","source_url":"https:\/\/www.mojabochnia.pl\/wp-content\/uploads\/2024\/05\/WSA_5289-380x320.jpg"},"top-news-3-col-featured":{"file":"WSA_5289-376x316.jpg","width":376,"height":316,"filesize":30499,"mime_type":"image\/jpeg","source_url":"https:\/\/www.mojabochnia.pl\/wp-content\/uploads\/2024\/05\/WSA_5289-376x316.jpg"},"top-news-gallery-wide":{"file":"WSA_5289-555x320.jpg","width":555,"height":320,"filesize":35242,"mime_type":"image\/jpeg","source_url":"https:\/\/www.mojabochnia.pl\/wp-content\/uploads\/2024\/05\/WSA_5289-555x320.jpg"},"full":{"file":"WSA_5289.jpg","width":1067,"height":1600,"mime_type":"image\/jpeg","source_url":"https:\/\/www.mojabochnia.pl\/wp-content\/uploads\/2024\/05\/WSA_5289.jpg"}},"image_meta":{"aperture":"4","credit":"WOJTEK_SALAMON","camera":"NIKON Z 8","caption":"","created_timestamp":"1716459564","copyright":"WOJCIECH SALAMON","focal_length":"44","iso":"2200","shutter_speed":"0.005","title":"","orientation":"0","keywords":[]}},"post":206335,"source_url":"https:\/\/www.mojabochnia.pl\/wp-content\/uploads\/2024\/05\/WSA_5289.jpg","_links":{"self":[{"href":"https:\/\/www.mojabochnia.pl\/index.php?rest_route=\/wp\/v2\/media\/206357","targetHints":{"allow":["GET"]}}],"collection":[{"href":"https:\/\/www.mojabochnia.pl\/index.php?rest_route=\/wp\/v2\/media"}],"about":[{"href":"https:\/\/www.mojabochnia.pl\/index.php?rest_route=\/wp\/v2\/types\/attachment"}],"author":[{"embeddable":true,"href":"https:\/\/www.mojabochnia.pl\/index.php?rest_route=\/wp\/v2\/users\/29"}],"replies":[{"embeddable":true,"href":"https:\/\/www.mojabochnia.pl\/index.php?rest_route=%2Fwp%2Fv2%2Fcomments&post=206357"}],"wp:attached-to":[{"embeddable":true,"post_type":"post","id":206335,"href":"https:\/\/www.mojabochnia.pl\/index.php?rest_route=\/wp\/v2\/posts\/206335"}],"curies":[{"name":"wp","href":"https:\/\/api.w.org\/{rel}","templated":true}]}}

Warsztaty i próby Przed finałem Festiwalu Integracja Malowana Dźwiękiem
