{"id":205568,"date":"2024-04-15T23:08:48","date_gmt":"2024-04-15T21:08:48","guid":{"rendered":"https:\/\/www.mojabochnia.pl\/wp-content\/uploads\/2024\/04\/DSC_7522.jpg"},"modified":"2024-04-16T07:22:31","modified_gmt":"2024-04-16T05:22:31","slug":"dsc_7522","status":"inherit","type":"attachment","link":"https:\/\/www.mojabochnia.pl\/?attachment_id=205568","title":{"rendered":"Marta Mrzyg\u0142\u00f3d popar\u0142a Ireneusza Sobasa w wyborach samorzadowych"},"author":29,"featured_media":0,"comment_status":"open","ping_status":"closed","template":"","meta":{"_acf_changed":false},"class_list":["post-205568","attachment","type-attachment","status-inherit","hentry"],"acf":[],"description":{"rendered":"<p class=\"attachment\"><a onclick=\"javascript:pageTracker._trackPageview('\/downloads\/wp-content\/uploads\/2024\/04\/DSC_7522.jpg');\"  href='https:\/\/www.mojabochnia.pl\/wp-content\/uploads\/2024\/04\/DSC_7522.jpg'><img loading=\"lazy\" decoding=\"async\" width=\"468\" height=\"702\" src=\"https:\/\/www.mojabochnia.pl\/wp-content\/uploads\/2024\/04\/DSC_7522-468x702.jpg\" class=\"attachment-medium size-medium\" alt=\"\" srcset=\"https:\/\/www.mojabochnia.pl\/wp-content\/uploads\/2024\/04\/DSC_7522-468x702.jpg 468w, https:\/\/www.mojabochnia.pl\/wp-content\/uploads\/2024\/04\/DSC_7522-120x180.jpg 120w, https:\/\/www.mojabochnia.pl\/wp-content\/uploads\/2024\/04\/DSC_7522-768x1152.jpg 768w, https:\/\/www.mojabochnia.pl\/wp-content\/uploads\/2024\/04\/DSC_7522.jpg 1000w\" sizes=\"auto, (max-width: 468px) 100vw, 468px\" \/><\/a><\/p>\n"},"caption":{"rendered":"<p>M. Kalinowski<\/p>\n"},"alt_text":"","media_type":"image","mime_type":"image\/jpeg","media_details":{"width":1000,"height":1500,"file":"2024\/04\/DSC_7522.jpg","filesize":1067130,"sizes":{"medium":{"file":"DSC_7522-468x702.jpg","width":468,"height":702,"filesize":89208,"mime_type":"image\/jpeg","source_url":"https:\/\/www.mojabochnia.pl\/wp-content\/uploads\/2024\/04\/DSC_7522-468x702.jpg"},"thumbnail":{"file":"DSC_7522-120x180.jpg","width":120,"height":180,"filesize":23049,"mime_type":"image\/jpeg","source_url":"https:\/\/www.mojabochnia.pl\/wp-content\/uploads\/2024\/04\/DSC_7522-120x180.jpg"},"medium_large":{"file":"DSC_7522-768x1152.jpg","width":768,"height":1152,"filesize":181344,"mime_type":"image\/jpeg","source_url":"https:\/\/www.mojabochnia.pl\/wp-content\/uploads\/2024\/04\/DSC_7522-768x1152.jpg"},"mb-gallery-thumb":{"file":"DSC_7522-100x100.jpg","width":100,"height":100,"filesize":19654,"mime_type":"image\/jpeg","source_url":"https:\/\/www.mojabochnia.pl\/wp-content\/uploads\/2024\/04\/DSC_7522-100x100.jpg"},"iworks-upprev-vertical-3":{"file":"DSC_7522-96x96.jpg","width":96,"height":96,"filesize":19060,"mime_type":"image\/jpeg","source_url":"https:\/\/www.mojabochnia.pl\/wp-content\/uploads\/2024\/04\/DSC_7522-96x96.jpg"},"iworks-upprev-bloginity":{"file":"DSC_7522-84x84.jpg","width":84,"height":84,"filesize":18473,"mime_type":"image\/jpeg","source_url":"https:\/\/www.mojabochnia.pl\/wp-content\/uploads\/2024\/04\/DSC_7522-84x84.jpg"},"top-news-large-slider":{"file":"DSC_7522-1000x570.jpg","width":1000,"height":570,"filesize":145031,"mime_type":"image\/jpeg","source_url":"https:\/\/www.mojabochnia.pl\/wp-content\/uploads\/2024\/04\/DSC_7522-1000x570.jpg"},"top-news-thumbnail-x2":{"file":"DSC_7522-360x260.jpg","width":360,"height":260,"filesize":41242,"mime_type":"image\/jpeg","source_url":"https:\/\/www.mojabochnia.pl\/wp-content\/uploads\/2024\/04\/DSC_7522-360x260.jpg"},"top-news-slider-thumb":{"file":"DSC_7522-368x164.jpg","width":368,"height":164,"filesize":33218,"mime_type":"image\/jpeg","source_url":"https:\/\/www.mojabochnia.pl\/wp-content\/uploads\/2024\/04\/DSC_7522-368x164.jpg"},"top-news-large-featured":{"file":"DSC_7522-760x320.jpg","width":760,"height":320,"filesize":74105,"mime_type":"image\/jpeg","source_url":"https:\/\/www.mojabochnia.pl\/wp-content\/uploads\/2024\/04\/DSC_7522-760x320.jpg"},"top-news-thumbnail-featured":{"file":"DSC_7522-380x320.jpg","width":380,"height":320,"filesize":48919,"mime_type":"image\/jpeg","source_url":"https:\/\/www.mojabochnia.pl\/wp-content\/uploads\/2024\/04\/DSC_7522-380x320.jpg"},"top-news-3-col-featured":{"file":"DSC_7522-376x316.jpg","width":376,"height":316,"filesize":48244,"mime_type":"image\/jpeg","source_url":"https:\/\/www.mojabochnia.pl\/wp-content\/uploads\/2024\/04\/DSC_7522-376x316.jpg"},"top-news-gallery-wide":{"file":"DSC_7522-555x320.jpg","width":555,"height":320,"filesize":59443,"mime_type":"image\/jpeg","source_url":"https:\/\/www.mojabochnia.pl\/wp-content\/uploads\/2024\/04\/DSC_7522-555x320.jpg"},"full":{"file":"DSC_7522.jpg","width":1000,"height":1500,"mime_type":"image\/jpeg","source_url":"https:\/\/www.mojabochnia.pl\/wp-content\/uploads\/2024\/04\/DSC_7522.jpg"}},"image_meta":{"aperture":"5","credit":"","camera":"NIKON D500","caption":"","created_timestamp":"1713201174","copyright":"","focal_length":"26","iso":"6400","shutter_speed":"0.008","title":"","orientation":"1","keywords":[]}},"post":205556,"source_url":"https:\/\/www.mojabochnia.pl\/wp-content\/uploads\/2024\/04\/DSC_7522.jpg","_links":{"self":[{"href":"https:\/\/www.mojabochnia.pl\/index.php?rest_route=\/wp\/v2\/media\/205568","targetHints":{"allow":["GET"]}}],"collection":[{"href":"https:\/\/www.mojabochnia.pl\/index.php?rest_route=\/wp\/v2\/media"}],"about":[{"href":"https:\/\/www.mojabochnia.pl\/index.php?rest_route=\/wp\/v2\/types\/attachment"}],"author":[{"embeddable":true,"href":"https:\/\/www.mojabochnia.pl\/index.php?rest_route=\/wp\/v2\/users\/29"}],"replies":[{"embeddable":true,"href":"https:\/\/www.mojabochnia.pl\/index.php?rest_route=%2Fwp%2Fv2%2Fcomments&post=205568"}],"wp:attached-to":[{"embeddable":true,"post_type":"post","id":205556,"href":"https:\/\/www.mojabochnia.pl\/index.php?rest_route=\/wp\/v2\/posts\/205556"}],"curies":[{"name":"wp","href":"https:\/\/api.w.org\/{rel}","templated":true}]}}

Marta Mrzygłód poparła Ireneusza Sobasa w wyborach samorzadowych
