{"id":199180,"date":"2023-05-21T22:38:37","date_gmt":"2023-05-21T20:38:37","guid":{"rendered":"https:\/\/www.mojabochnia.pl\/wp-content\/uploads\/2023\/05\/DSC7872.jpg"},"modified":"2023-05-22T21:50:27","modified_gmt":"2023-05-22T19:50:27","slug":"_dsc7872","status":"inherit","type":"attachment","link":"https:\/\/www.mojabochnia.pl\/?attachment_id=199180","title":{"rendered":"Koncert Raba Gospel Choir oraz facet\u00f3w w Czerni w boche\u0144skim Oratorium \u015awi\u0119tej Kingi"},"author":29,"featured_media":0,"comment_status":"open","ping_status":"closed","template":"","meta":{"_acf_changed":false},"class_list":["post-199180","attachment","type-attachment","status-inherit","hentry"],"acf":[],"description":{"rendered":"<p class=\"attachment\"><a onclick=\"javascript:pageTracker._trackPageview('\/downloads\/wp-content\/uploads\/2023\/05\/DSC7872.jpg');\"  href='https:\/\/www.mojabochnia.pl\/wp-content\/uploads\/2023\/05\/DSC7872.jpg'><img loading=\"lazy\" decoding=\"async\" width=\"468\" height=\"312\" src=\"https:\/\/www.mojabochnia.pl\/wp-content\/uploads\/2023\/05\/DSC7872-468x312.jpg\" class=\"attachment-medium size-medium\" alt=\"\" srcset=\"https:\/\/www.mojabochnia.pl\/wp-content\/uploads\/2023\/05\/DSC7872-468x312.jpg 468w, https:\/\/www.mojabochnia.pl\/wp-content\/uploads\/2023\/05\/DSC7872-120x80.jpg 120w, https:\/\/www.mojabochnia.pl\/wp-content\/uploads\/2023\/05\/DSC7872-768x512.jpg 768w, https:\/\/www.mojabochnia.pl\/wp-content\/uploads\/2023\/05\/DSC7872-1050x700.jpg 1050w, https:\/\/www.mojabochnia.pl\/wp-content\/uploads\/2023\/05\/DSC7872.jpg 1500w\" sizes=\"auto, (max-width: 468px) 100vw, 468px\" \/><\/a><\/p>\n"},"caption":{"rendered":"<p>M. Kalinowski<\/p>\n"},"alt_text":"","media_type":"image","mime_type":"image\/jpeg","media_details":{"width":1500,"height":1000,"file":"2023\/05\/DSC7872.jpg","sizes":{"thumbnail":{"file":"DSC7872-120x80.jpg","width":120,"height":80,"mime_type":"image\/jpeg","source_url":"https:\/\/www.mojabochnia.pl\/wp-content\/uploads\/2023\/05\/DSC7872-120x80.jpg"},"medium":{"file":"DSC7872-468x312.jpg","width":468,"height":312,"mime_type":"image\/jpeg","source_url":"https:\/\/www.mojabochnia.pl\/wp-content\/uploads\/2023\/05\/DSC7872-468x312.jpg"},"medium_large":{"file":"DSC7872-768x512.jpg","width":768,"height":512,"mime_type":"image\/jpeg","source_url":"https:\/\/www.mojabochnia.pl\/wp-content\/uploads\/2023\/05\/DSC7872-768x512.jpg"},"large":{"file":"DSC7872-1050x700.jpg","width":1050,"height":700,"mime_type":"image\/jpeg","source_url":"https:\/\/www.mojabochnia.pl\/wp-content\/uploads\/2023\/05\/DSC7872-1050x700.jpg"},"mb-gallery-thumb":{"file":"DSC7872-100x100.jpg","width":100,"height":100,"mime_type":"image\/jpeg","source_url":"https:\/\/www.mojabochnia.pl\/wp-content\/uploads\/2023\/05\/DSC7872-100x100.jpg"},"top-news-large-slider":{"file":"DSC7872-1140x570.jpg","width":1140,"height":570,"mime_type":"image\/jpeg","source_url":"https:\/\/www.mojabochnia.pl\/wp-content\/uploads\/2023\/05\/DSC7872-1140x570.jpg"},"top-news-thumbnail-x2":{"file":"DSC7872-360x260.jpg","width":360,"height":260,"mime_type":"image\/jpeg","source_url":"https:\/\/www.mojabochnia.pl\/wp-content\/uploads\/2023\/05\/DSC7872-360x260.jpg"},"top-news-slider-thumb":{"file":"DSC7872-368x164.jpg","width":368,"height":164,"mime_type":"image\/jpeg","source_url":"https:\/\/www.mojabochnia.pl\/wp-content\/uploads\/2023\/05\/DSC7872-368x164.jpg"},"top-news-large-featured":{"file":"DSC7872-760x320.jpg","width":760,"height":320,"mime_type":"image\/jpeg","source_url":"https:\/\/www.mojabochnia.pl\/wp-content\/uploads\/2023\/05\/DSC7872-760x320.jpg"},"top-news-thumbnail-featured":{"file":"DSC7872-380x320.jpg","width":380,"height":320,"mime_type":"image\/jpeg","source_url":"https:\/\/www.mojabochnia.pl\/wp-content\/uploads\/2023\/05\/DSC7872-380x320.jpg"},"top-news-3-col-featured":{"file":"DSC7872-376x316.jpg","width":376,"height":316,"mime_type":"image\/jpeg","source_url":"https:\/\/www.mojabochnia.pl\/wp-content\/uploads\/2023\/05\/DSC7872-376x316.jpg"},"top-news-gallery-wide":{"file":"DSC7872-555x320.jpg","width":555,"height":320,"mime_type":"image\/jpeg","source_url":"https:\/\/www.mojabochnia.pl\/wp-content\/uploads\/2023\/05\/DSC7872-555x320.jpg"},"full":{"file":"DSC7872.jpg","width":1500,"height":1000,"mime_type":"image\/jpeg","source_url":"https:\/\/www.mojabochnia.pl\/wp-content\/uploads\/2023\/05\/DSC7872.jpg"}},"image_meta":{"aperture":"5.6","credit":"","camera":"NIKON D500","caption":"","created_timestamp":"1684698418","copyright":"","focal_length":"86","iso":"8000","shutter_speed":"0.004","title":"","orientation":"1","keywords":[]}},"post":199171,"source_url":"https:\/\/www.mojabochnia.pl\/wp-content\/uploads\/2023\/05\/DSC7872.jpg","_links":{"self":[{"href":"https:\/\/www.mojabochnia.pl\/index.php?rest_route=\/wp\/v2\/media\/199180","targetHints":{"allow":["GET"]}}],"collection":[{"href":"https:\/\/www.mojabochnia.pl\/index.php?rest_route=\/wp\/v2\/media"}],"about":[{"href":"https:\/\/www.mojabochnia.pl\/index.php?rest_route=\/wp\/v2\/types\/attachment"}],"author":[{"embeddable":true,"href":"https:\/\/www.mojabochnia.pl\/index.php?rest_route=\/wp\/v2\/users\/29"}],"replies":[{"embeddable":true,"href":"https:\/\/www.mojabochnia.pl\/index.php?rest_route=%2Fwp%2Fv2%2Fcomments&post=199180"}],"wp:attached-to":[{"embeddable":true,"post_type":"post","id":199171,"href":"https:\/\/www.mojabochnia.pl\/index.php?rest_route=\/wp\/v2\/posts\/199171"}],"curies":[{"name":"wp","href":"https:\/\/api.w.org\/{rel}","templated":true}]}}

Koncert Raba Gospel Choir oraz facetów w Czerni w bocheńskim Oratorium Świętej Kingi
