{"id":193816,"date":"2022-01-26T11:10:00","date_gmt":"2022-01-26T10:10:00","guid":{"rendered":"https:\/\/www.mojabochnia.pl\/wp-content\/uploads\/2022\/01\/IMG_2428.jpg"},"modified":"2022-01-26T11:19:13","modified_gmt":"2022-01-26T10:19:13","slug":"img_2428-2","status":"inherit","type":"attachment","link":"https:\/\/www.mojabochnia.pl\/?attachment_id=193816","title":{"rendered":"Gmina Bochnia otrzyma 11,6 mln z\u0142\u00a0na termomodernizacj\u0119 szk\u00f3\u0142"},"author":29,"featured_media":0,"comment_status":"open","ping_status":"closed","template":"","meta":{"_acf_changed":false},"class_list":["post-193816","attachment","type-attachment","status-inherit","hentry"],"acf":[],"description":{"rendered":"<p class=\"attachment\"><a onclick=\"javascript:pageTracker._trackPageview('\/downloads\/wp-content\/uploads\/2022\/01\/IMG_2428.jpg');\"  href='https:\/\/www.mojabochnia.pl\/wp-content\/uploads\/2022\/01\/IMG_2428.jpg'><img loading=\"lazy\" decoding=\"async\" width=\"468\" height=\"642\" src=\"https:\/\/www.mojabochnia.pl\/wp-content\/uploads\/2022\/01\/IMG_2428-468x642.jpg\" class=\"attachment-medium size-medium\" alt=\"\" srcset=\"https:\/\/www.mojabochnia.pl\/wp-content\/uploads\/2022\/01\/IMG_2428-468x642.jpg 468w, https:\/\/www.mojabochnia.pl\/wp-content\/uploads\/2022\/01\/IMG_2428-120x165.jpg 120w, https:\/\/www.mojabochnia.pl\/wp-content\/uploads\/2022\/01\/IMG_2428-768x1054.jpg 768w, https:\/\/www.mojabochnia.pl\/wp-content\/uploads\/2022\/01\/IMG_2428.jpg 1000w\" sizes=\"auto, (max-width: 468px) 100vw, 468px\" \/><\/a><\/p>\n"},"caption":{"rendered":"<p>nades\u0142ane<\/p>\n"},"alt_text":"","media_type":"image","mime_type":"image\/jpeg","media_details":{"width":1000,"height":1372,"file":"2022\/01\/IMG_2428.jpg","sizes":{"thumbnail":{"file":"IMG_2428-120x165.jpg","width":120,"height":165,"mime_type":"image\/jpeg","source_url":"https:\/\/www.mojabochnia.pl\/wp-content\/uploads\/2022\/01\/IMG_2428-120x165.jpg"},"medium":{"file":"IMG_2428-468x642.jpg","width":468,"height":642,"mime_type":"image\/jpeg","source_url":"https:\/\/www.mojabochnia.pl\/wp-content\/uploads\/2022\/01\/IMG_2428-468x642.jpg"},"medium_large":{"file":"IMG_2428-768x1054.jpg","width":768,"height":1054,"mime_type":"image\/jpeg","source_url":"https:\/\/www.mojabochnia.pl\/wp-content\/uploads\/2022\/01\/IMG_2428-768x1054.jpg"},"mb-gallery-thumb":{"file":"IMG_2428-100x100.jpg","width":100,"height":100,"mime_type":"image\/jpeg","source_url":"https:\/\/www.mojabochnia.pl\/wp-content\/uploads\/2022\/01\/IMG_2428-100x100.jpg"},"top-news-large-slider":{"file":"IMG_2428-1000x570.jpg","width":1000,"height":570,"mime_type":"image\/jpeg","source_url":"https:\/\/www.mojabochnia.pl\/wp-content\/uploads\/2022\/01\/IMG_2428-1000x570.jpg"},"top-news-thumbnail-x2":{"file":"IMG_2428-360x260.jpg","width":360,"height":260,"mime_type":"image\/jpeg","source_url":"https:\/\/www.mojabochnia.pl\/wp-content\/uploads\/2022\/01\/IMG_2428-360x260.jpg"},"top-news-slider-thumb":{"file":"IMG_2428-368x164.jpg","width":368,"height":164,"mime_type":"image\/jpeg","source_url":"https:\/\/www.mojabochnia.pl\/wp-content\/uploads\/2022\/01\/IMG_2428-368x164.jpg"},"top-news-large-featured":{"file":"IMG_2428-760x320.jpg","width":760,"height":320,"mime_type":"image\/jpeg","source_url":"https:\/\/www.mojabochnia.pl\/wp-content\/uploads\/2022\/01\/IMG_2428-760x320.jpg"},"top-news-thumbnail-featured":{"file":"IMG_2428-380x320.jpg","width":380,"height":320,"mime_type":"image\/jpeg","source_url":"https:\/\/www.mojabochnia.pl\/wp-content\/uploads\/2022\/01\/IMG_2428-380x320.jpg"},"top-news-3-col-featured":{"file":"IMG_2428-376x316.jpg","width":376,"height":316,"mime_type":"image\/jpeg","source_url":"https:\/\/www.mojabochnia.pl\/wp-content\/uploads\/2022\/01\/IMG_2428-376x316.jpg"},"top-news-gallery-wide":{"file":"IMG_2428-555x320.jpg","width":555,"height":320,"mime_type":"image\/jpeg","source_url":"https:\/\/www.mojabochnia.pl\/wp-content\/uploads\/2022\/01\/IMG_2428-555x320.jpg"},"full":{"file":"IMG_2428.jpg","width":1000,"height":1372,"mime_type":"image\/jpeg","source_url":"https:\/\/www.mojabochnia.pl\/wp-content\/uploads\/2022\/01\/IMG_2428.jpg"}},"image_meta":{"aperture":"1.8","credit":"","camera":"iPhone 11 Pro Max","caption":"","created_timestamp":"1642670586","copyright":"","focal_length":"4.25","iso":"200","shutter_speed":"0.02","title":"","orientation":"1","keywords":[]}},"post":193813,"source_url":"https:\/\/www.mojabochnia.pl\/wp-content\/uploads\/2022\/01\/IMG_2428.jpg","_links":{"self":[{"href":"https:\/\/www.mojabochnia.pl\/index.php?rest_route=\/wp\/v2\/media\/193816","targetHints":{"allow":["GET"]}}],"collection":[{"href":"https:\/\/www.mojabochnia.pl\/index.php?rest_route=\/wp\/v2\/media"}],"about":[{"href":"https:\/\/www.mojabochnia.pl\/index.php?rest_route=\/wp\/v2\/types\/attachment"}],"author":[{"embeddable":true,"href":"https:\/\/www.mojabochnia.pl\/index.php?rest_route=\/wp\/v2\/users\/29"}],"replies":[{"embeddable":true,"href":"https:\/\/www.mojabochnia.pl\/index.php?rest_route=%2Fwp%2Fv2%2Fcomments&post=193816"}],"wp:attached-to":[{"embeddable":true,"post_type":"post","id":193813,"href":"https:\/\/www.mojabochnia.pl\/index.php?rest_route=\/wp\/v2\/posts\/193813"}],"curies":[{"name":"wp","href":"https:\/\/api.w.org\/{rel}","templated":true}]}}

Gmina Bochnia otrzyma 11,6 mln zł na termomodernizację szkół

<p>nadesłane</p>
