{"id":192460,"date":"2021-11-13T11:21:33","date_gmt":"2021-11-13T10:21:33","guid":{"rendered":"https:\/\/www.mojabochnia.pl\/wp-content\/uploads\/2021\/11\/DSC0896.jpg"},"modified":"2021-11-13T11:30:58","modified_gmt":"2021-11-13T10:30:58","slug":"_dsc0896","status":"inherit","type":"attachment","link":"https:\/\/www.mojabochnia.pl\/?attachment_id=192460","title":{"rendered":"Z okazji \u015awi\u0119ta Niepodleg\u0142o\u015bci odby\u0142 si\u0119 piknik &#8222;10 strza\u0142\u00f3w ku chwale Ojczyzny&#8221; na strzelnicy boche\u0144skiego LOK"},"author":29,"featured_media":0,"comment_status":"open","ping_status":"closed","template":"","meta":{"_acf_changed":false},"class_list":["post-192460","attachment","type-attachment","status-inherit","hentry"],"acf":[],"description":{"rendered":"<p class=\"attachment\"><a onclick=\"javascript:pageTracker._trackPageview('\/downloads\/wp-content\/uploads\/2021\/11\/DSC0896.jpg');\"  href='https:\/\/www.mojabochnia.pl\/wp-content\/uploads\/2021\/11\/DSC0896.jpg'><img loading=\"lazy\" decoding=\"async\" width=\"468\" height=\"312\" src=\"https:\/\/www.mojabochnia.pl\/wp-content\/uploads\/2021\/11\/DSC0896-468x312.jpg\" class=\"attachment-medium size-medium\" alt=\"\" srcset=\"https:\/\/www.mojabochnia.pl\/wp-content\/uploads\/2021\/11\/DSC0896-468x312.jpg 468w, https:\/\/www.mojabochnia.pl\/wp-content\/uploads\/2021\/11\/DSC0896-120x80.jpg 120w, https:\/\/www.mojabochnia.pl\/wp-content\/uploads\/2021\/11\/DSC0896-768x512.jpg 768w, https:\/\/www.mojabochnia.pl\/wp-content\/uploads\/2021\/11\/DSC0896-1050x700.jpg 1050w, https:\/\/www.mojabochnia.pl\/wp-content\/uploads\/2021\/11\/DSC0896.jpg 1500w\" sizes=\"auto, (max-width: 468px) 100vw, 468px\" \/><\/a><\/p>\n"},"caption":{"rendered":"<p>M. Kalinowski<\/p>\n"},"alt_text":"","media_type":"image","mime_type":"image\/jpeg","media_details":{"width":1500,"height":1000,"file":"2021\/11\/DSC0896.jpg","sizes":{"thumbnail":{"file":"DSC0896-120x80.jpg","width":120,"height":80,"mime_type":"image\/jpeg","source_url":"https:\/\/www.mojabochnia.pl\/wp-content\/uploads\/2021\/11\/DSC0896-120x80.jpg"},"medium":{"file":"DSC0896-468x312.jpg","width":468,"height":312,"mime_type":"image\/jpeg","source_url":"https:\/\/www.mojabochnia.pl\/wp-content\/uploads\/2021\/11\/DSC0896-468x312.jpg"},"medium_large":{"file":"DSC0896-768x512.jpg","width":768,"height":512,"mime_type":"image\/jpeg","source_url":"https:\/\/www.mojabochnia.pl\/wp-content\/uploads\/2021\/11\/DSC0896-768x512.jpg"},"large":{"file":"DSC0896-1050x700.jpg","width":1050,"height":700,"mime_type":"image\/jpeg","source_url":"https:\/\/www.mojabochnia.pl\/wp-content\/uploads\/2021\/11\/DSC0896-1050x700.jpg"},"mb-gallery-thumb":{"file":"DSC0896-100x100.jpg","width":100,"height":100,"mime_type":"image\/jpeg","source_url":"https:\/\/www.mojabochnia.pl\/wp-content\/uploads\/2021\/11\/DSC0896-100x100.jpg"},"top-news-large-slider":{"file":"DSC0896-1140x570.jpg","width":1140,"height":570,"mime_type":"image\/jpeg","source_url":"https:\/\/www.mojabochnia.pl\/wp-content\/uploads\/2021\/11\/DSC0896-1140x570.jpg"},"top-news-thumbnail-x2":{"file":"DSC0896-360x260.jpg","width":360,"height":260,"mime_type":"image\/jpeg","source_url":"https:\/\/www.mojabochnia.pl\/wp-content\/uploads\/2021\/11\/DSC0896-360x260.jpg"},"top-news-slider-thumb":{"file":"DSC0896-368x164.jpg","width":368,"height":164,"mime_type":"image\/jpeg","source_url":"https:\/\/www.mojabochnia.pl\/wp-content\/uploads\/2021\/11\/DSC0896-368x164.jpg"},"top-news-large-featured":{"file":"DSC0896-760x320.jpg","width":760,"height":320,"mime_type":"image\/jpeg","source_url":"https:\/\/www.mojabochnia.pl\/wp-content\/uploads\/2021\/11\/DSC0896-760x320.jpg"},"top-news-thumbnail-featured":{"file":"DSC0896-380x320.jpg","width":380,"height":320,"mime_type":"image\/jpeg","source_url":"https:\/\/www.mojabochnia.pl\/wp-content\/uploads\/2021\/11\/DSC0896-380x320.jpg"},"top-news-3-col-featured":{"file":"DSC0896-376x316.jpg","width":376,"height":316,"mime_type":"image\/jpeg","source_url":"https:\/\/www.mojabochnia.pl\/wp-content\/uploads\/2021\/11\/DSC0896-376x316.jpg"},"top-news-gallery-wide":{"file":"DSC0896-555x320.jpg","width":555,"height":320,"mime_type":"image\/jpeg","source_url":"https:\/\/www.mojabochnia.pl\/wp-content\/uploads\/2021\/11\/DSC0896-555x320.jpg"},"full":{"file":"DSC0896.jpg","width":1500,"height":1000,"mime_type":"image\/jpeg","source_url":"https:\/\/www.mojabochnia.pl\/wp-content\/uploads\/2021\/11\/DSC0896.jpg"}},"image_meta":{"aperture":"4","credit":"","camera":"NIKON D500","caption":"","created_timestamp":"1636635480","copyright":"","focal_length":"112","iso":"1000","shutter_speed":"0.0015625","title":"","orientation":"1","keywords":[]}},"post":192440,"source_url":"https:\/\/www.mojabochnia.pl\/wp-content\/uploads\/2021\/11\/DSC0896.jpg","_links":{"self":[{"href":"https:\/\/www.mojabochnia.pl\/index.php?rest_route=\/wp\/v2\/media\/192460","targetHints":{"allow":["GET"]}}],"collection":[{"href":"https:\/\/www.mojabochnia.pl\/index.php?rest_route=\/wp\/v2\/media"}],"about":[{"href":"https:\/\/www.mojabochnia.pl\/index.php?rest_route=\/wp\/v2\/types\/attachment"}],"author":[{"embeddable":true,"href":"https:\/\/www.mojabochnia.pl\/index.php?rest_route=\/wp\/v2\/users\/29"}],"replies":[{"embeddable":true,"href":"https:\/\/www.mojabochnia.pl\/index.php?rest_route=%2Fwp%2Fv2%2Fcomments&post=192460"}],"wp:attached-to":[{"embeddable":true,"post_type":"post","id":192440,"href":"https:\/\/www.mojabochnia.pl\/index.php?rest_route=\/wp\/v2\/posts\/192440"}],"curies":[{"name":"wp","href":"https:\/\/api.w.org\/{rel}","templated":true}]}}

Z okazji Święta Niepodległości odbył się piknik &#8222;10 strzałów ku chwale Ojczyzny&#8221; na strzelnicy bocheńskiego LOK
