{"id":189288,"date":"2018-09-24T12:08:16","date_gmt":"2018-09-24T10:08:16","guid":{"rendered":"https:\/\/www.mojabochnia.pl\/wp-content\/uploads\/2018\/09\/Ma\u0142a-Ksi\u0105\u017cka-Wielki-Cz\u0142owiek-Plakat.jpg"},"modified":"2018-09-24T12:08:16","modified_gmt":"2018-09-24T10:08:16","slug":"mala-ksiazka-wielki-czlowiek-plakat","status":"inherit","type":"attachment","link":"https:\/\/www.mojabochnia.pl\/?attachment_id=189288","title":{"rendered":"Ma\u0142a Ksi\u0105\u017cka Wielki Cz\u0142owiek &#8211; Plakat"},"author":29,"featured_media":0,"comment_status":"open","ping_status":"closed","template":"","meta":{"_acf_changed":false},"class_list":["post-189288","attachment","type-attachment","status-inherit","hentry"],"acf":[],"description":{"rendered":"<p class=\"attachment\"><a onclick=\"javascript:pageTracker._trackPageview('\/downloads\/wp-content\/uploads\/2018\/09\/Ma\u0142a-Ksi\u0105\u017cka-Wielki-Cz\u0142owiek-Plakat-e1537783874332.jpg');\"  href='https:\/\/www.mojabochnia.pl\/wp-content\/uploads\/2018\/09\/Ma\u0142a-Ksi\u0105\u017cka-Wielki-Cz\u0142owiek-Plakat-e1537783874332.jpg'><img loading=\"lazy\" decoding=\"async\" width=\"468\" height=\"667\" src=\"https:\/\/www.mojabochnia.pl\/wp-content\/uploads\/2018\/09\/Ma\u0142a-Ksi\u0105\u017cka-Wielki-Cz\u0142owiek-Plakat-468x667.jpg\" class=\"attachment-medium size-medium\" alt=\"\" srcset=\"https:\/\/www.mojabochnia.pl\/wp-content\/uploads\/2018\/09\/Ma\u0142a-Ksi\u0105\u017cka-Wielki-Cz\u0142owiek-Plakat-468x667.jpg 468w, https:\/\/www.mojabochnia.pl\/wp-content\/uploads\/2018\/09\/Ma\u0142a-Ksi\u0105\u017cka-Wielki-Cz\u0142owiek-Plakat-120x171.jpg 120w, https:\/\/www.mojabochnia.pl\/wp-content\/uploads\/2018\/09\/Ma\u0142a-Ksi\u0105\u017cka-Wielki-Cz\u0142owiek-Plakat-768x1094.jpg 768w, https:\/\/www.mojabochnia.pl\/wp-content\/uploads\/2018\/09\/Ma\u0142a-Ksi\u0105\u017cka-Wielki-Cz\u0142owiek-Plakat-1050x1496.jpg 1050w, https:\/\/www.mojabochnia.pl\/wp-content\/uploads\/2018\/09\/Ma\u0142a-Ksi\u0105\u017cka-Wielki-Cz\u0142owiek-Plakat-e1537783874332.jpg 1053w\" sizes=\"auto, (max-width: 468px) 100vw, 468px\" \/><\/a><\/p>\n"},"caption":{"rendered":""},"alt_text":"","media_type":"image","mime_type":"image\/jpeg","media_details":{"width":1053,"height":1500,"file":"2018\/09\/Ma\u0142a-Ksi\u0105\u017cka-Wielki-Cz\u0142owiek-Plakat-e1537783874332.jpg","sizes":{"thumbnail":{"file":"Ma\u0142a-Ksi\u0105\u017cka-Wielki-Cz\u0142owiek-Plakat-120x171.jpg","width":120,"height":171,"mime_type":"image\/jpeg","source_url":"https:\/\/www.mojabochnia.pl\/wp-content\/uploads\/2018\/09\/Ma\u0142a-Ksi\u0105\u017cka-Wielki-Cz\u0142owiek-Plakat-120x171.jpg"},"medium":{"file":"Ma\u0142a-Ksi\u0105\u017cka-Wielki-Cz\u0142owiek-Plakat-468x667.jpg","width":468,"height":667,"mime_type":"image\/jpeg","source_url":"https:\/\/www.mojabochnia.pl\/wp-content\/uploads\/2018\/09\/Ma\u0142a-Ksi\u0105\u017cka-Wielki-Cz\u0142owiek-Plakat-468x667.jpg"},"medium_large":{"file":"Ma\u0142a-Ksi\u0105\u017cka-Wielki-Cz\u0142owiek-Plakat-768x1094.jpg","width":768,"height":1094,"mime_type":"image\/jpeg","source_url":"https:\/\/www.mojabochnia.pl\/wp-content\/uploads\/2018\/09\/Ma\u0142a-Ksi\u0105\u017cka-Wielki-Cz\u0142owiek-Plakat-768x1094.jpg"},"large":{"file":"Ma\u0142a-Ksi\u0105\u017cka-Wielki-Cz\u0142owiek-Plakat-1050x1496.jpg","width":1050,"height":1496,"mime_type":"image\/jpeg","source_url":"https:\/\/www.mojabochnia.pl\/wp-content\/uploads\/2018\/09\/Ma\u0142a-Ksi\u0105\u017cka-Wielki-Cz\u0142owiek-Plakat-1050x1496.jpg"},"mb-gallery-thumb":{"file":"Ma\u0142a-Ksi\u0105\u017cka-Wielki-Cz\u0142owiek-Plakat-100x100.jpg","width":100,"height":100,"mime_type":"image\/jpeg","source_url":"https:\/\/www.mojabochnia.pl\/wp-content\/uploads\/2018\/09\/Ma\u0142a-Ksi\u0105\u017cka-Wielki-Cz\u0142owiek-Plakat-100x100.jpg"},"top-news-large-slider":{"file":"Ma\u0142a-Ksi\u0105\u017cka-Wielki-Cz\u0142owiek-Plakat-1140x570.jpg","width":1140,"height":570,"mime_type":"image\/jpeg","source_url":"https:\/\/www.mojabochnia.pl\/wp-content\/uploads\/2018\/09\/Ma\u0142a-Ksi\u0105\u017cka-Wielki-Cz\u0142owiek-Plakat-1140x570.jpg"},"top-news-thumbnail-x2":{"file":"Ma\u0142a-Ksi\u0105\u017cka-Wielki-Cz\u0142owiek-Plakat-360x260.jpg","width":360,"height":260,"mime_type":"image\/jpeg","source_url":"https:\/\/www.mojabochnia.pl\/wp-content\/uploads\/2018\/09\/Ma\u0142a-Ksi\u0105\u017cka-Wielki-Cz\u0142owiek-Plakat-360x260.jpg"},"top-news-slider-thumb":{"file":"Ma\u0142a-Ksi\u0105\u017cka-Wielki-Cz\u0142owiek-Plakat-368x164.jpg","width":368,"height":164,"mime_type":"image\/jpeg","source_url":"https:\/\/www.mojabochnia.pl\/wp-content\/uploads\/2018\/09\/Ma\u0142a-Ksi\u0105\u017cka-Wielki-Cz\u0142owiek-Plakat-368x164.jpg"},"top-news-large-featured":{"file":"Ma\u0142a-Ksi\u0105\u017cka-Wielki-Cz\u0142owiek-Plakat-760x320.jpg","width":760,"height":320,"mime_type":"image\/jpeg","source_url":"https:\/\/www.mojabochnia.pl\/wp-content\/uploads\/2018\/09\/Ma\u0142a-Ksi\u0105\u017cka-Wielki-Cz\u0142owiek-Plakat-760x320.jpg"},"top-news-thumbnail-featured":{"file":"Ma\u0142a-Ksi\u0105\u017cka-Wielki-Cz\u0142owiek-Plakat-380x320.jpg","width":380,"height":320,"mime_type":"image\/jpeg","source_url":"https:\/\/www.mojabochnia.pl\/wp-content\/uploads\/2018\/09\/Ma\u0142a-Ksi\u0105\u017cka-Wielki-Cz\u0142owiek-Plakat-380x320.jpg"},"top-news-3-col-featured":{"file":"Ma\u0142a-Ksi\u0105\u017cka-Wielki-Cz\u0142owiek-Plakat-376x316.jpg","width":376,"height":316,"mime_type":"image\/jpeg","source_url":"https:\/\/www.mojabochnia.pl\/wp-content\/uploads\/2018\/09\/Ma\u0142a-Ksi\u0105\u017cka-Wielki-Cz\u0142owiek-Plakat-376x316.jpg"},"top-news-gallery-wide":{"file":"Ma\u0142a-Ksi\u0105\u017cka-Wielki-Cz\u0142owiek-Plakat-555x320.jpg","width":555,"height":320,"mime_type":"image\/jpeg","source_url":"https:\/\/www.mojabochnia.pl\/wp-content\/uploads\/2018\/09\/Ma\u0142a-Ksi\u0105\u017cka-Wielki-Cz\u0142owiek-Plakat-555x320.jpg"},"full":{"file":"Ma\u0142a-Ksi\u0105\u017cka-Wielki-Cz\u0142owiek-Plakat-e1537783874332.jpg","width":1053,"height":1500,"mime_type":"image\/jpeg","source_url":"https:\/\/www.mojabochnia.pl\/wp-content\/uploads\/2018\/09\/Ma\u0142a-Ksi\u0105\u017cka-Wielki-Cz\u0142owiek-Plakat-e1537783874332.jpg"}},"image_meta":{"aperture":"4","credit":"","camera":"Canon EOS 600D","caption":"","created_timestamp":"1526743275","copyright":"","focal_length":"17","iso":"100","shutter_speed":"0.0125","title":"","orientation":"1","keywords":[]}},"post":189285,"source_url":"https:\/\/www.mojabochnia.pl\/wp-content\/uploads\/2018\/09\/Ma\u0142a-Ksi\u0105\u017cka-Wielki-Cz\u0142owiek-Plakat-e1537783874332.jpg","_links":{"self":[{"href":"https:\/\/www.mojabochnia.pl\/index.php?rest_route=\/wp\/v2\/media\/189288","targetHints":{"allow":["GET"]}}],"collection":[{"href":"https:\/\/www.mojabochnia.pl\/index.php?rest_route=\/wp\/v2\/media"}],"about":[{"href":"https:\/\/www.mojabochnia.pl\/index.php?rest_route=\/wp\/v2\/types\/attachment"}],"author":[{"embeddable":true,"href":"https:\/\/www.mojabochnia.pl\/index.php?rest_route=\/wp\/v2\/users\/29"}],"replies":[{"embeddable":true,"href":"https:\/\/www.mojabochnia.pl\/index.php?rest_route=%2Fwp%2Fv2%2Fcomments&post=189288"}],"wp:attached-to":[{"embeddable":true,"post_type":"post","id":189285,"href":"https:\/\/www.mojabochnia.pl\/index.php?rest_route=\/wp\/v2\/posts\/189285"}],"curies":[{"name":"wp","href":"https:\/\/api.w.org\/{rel}","templated":true}]}}

https://www.mojabochnia.pl/wp-content/uploads/2018/09/Mała-Książka-Wielki-Człowiek-Plakat.jpg

Mała Książka Wielki Człowiek &#8211; Plakat

<p class="attachment"><a onclick="javascript:pageTracker._trackPageview('/downloads/wp-content/uploads/2018/09/Mała-Książka-Wielki-Człowiek-Plakat-e1537783874332.jpg');"  href='https://www.mojabochnia.pl/wp-content/uploads/2018/09/Mała-Książka-Wielki-Człowiek-Plakat-e1537783874332.jpg'><img loading="lazy" decoding="async" width="468" height="667" src="https://www.mojabochnia.pl/wp-content/uploads/2018/09/Mała-Książka-Wielki-Człowiek-Plakat-468x667.jpg" class="attachment-medium size-medium" alt="" srcset="https://www.mojabochnia.pl/wp-content/uploads/2018/09/Mała-Książka-Wielki-Człowiek-Plakat-468x667.jpg 468w, https://www.mojabochnia.pl/wp-content/uploads/2018/09/Mała-Książka-Wielki-Człowiek-Plakat-120x171.jpg 120w, https://www.mojabochnia.pl/wp-content/uploads/2018/09/Mała-Książka-Wielki-Człowiek-Plakat-768x1094.jpg 768w, https://www.mojabochnia.pl/wp-content/uploads/2018/09/Mała-Książka-Wielki-Człowiek-Plakat-1050x1496.jpg 1050w, https://www.mojabochnia.pl/wp-content/uploads/2018/09/Mała-Książka-Wielki-Człowiek-Plakat-e1537783874332.jpg 1053w" sizes="auto, (max-width: 468px) 100vw, 468px" /></a></p>

2018/09/Mała-Książka-Wielki-Człowiek-Plakat-e1537783874332.jpg

Mała-Książka-Wielki-Człowiek-Plakat-120x171.jpg

https://www.mojabochnia.pl/wp-content/uploads/2018/09/Mała-Książka-Wielki-Człowiek-Plakat-120x171.jpg

Mała-Książka-Wielki-Człowiek-Plakat-468x667.jpg

https://www.mojabochnia.pl/wp-content/uploads/2018/09/Mała-Książka-Wielki-Człowiek-Plakat-468x667.jpg

Mała-Książka-Wielki-Człowiek-Plakat-768x1094.jpg

https://www.mojabochnia.pl/wp-content/uploads/2018/09/Mała-Książka-Wielki-Człowiek-Plakat-768x1094.jpg

Mała-Książka-Wielki-Człowiek-Plakat-1050x1496.jpg

https://www.mojabochnia.pl/wp-content/uploads/2018/09/Mała-Książka-Wielki-Człowiek-Plakat-1050x1496.jpg

Mała-Książka-Wielki-Człowiek-Plakat-100x100.jpg

https://www.mojabochnia.pl/wp-content/uploads/2018/09/Mała-Książka-Wielki-Człowiek-Plakat-100x100.jpg

Mała-Książka-Wielki-Człowiek-Plakat-1140x570.jpg

https://www.mojabochnia.pl/wp-content/uploads/2018/09/Mała-Książka-Wielki-Człowiek-Plakat-1140x570.jpg

Mała-Książka-Wielki-Człowiek-Plakat-360x260.jpg

https://www.mojabochnia.pl/wp-content/uploads/2018/09/Mała-Książka-Wielki-Człowiek-Plakat-360x260.jpg

Mała-Książka-Wielki-Człowiek-Plakat-368x164.jpg

https://www.mojabochnia.pl/wp-content/uploads/2018/09/Mała-Książka-Wielki-Człowiek-Plakat-368x164.jpg

Mała-Książka-Wielki-Człowiek-Plakat-760x320.jpg

https://www.mojabochnia.pl/wp-content/uploads/2018/09/Mała-Książka-Wielki-Człowiek-Plakat-760x320.jpg

Mała-Książka-Wielki-Człowiek-Plakat-380x320.jpg

https://www.mojabochnia.pl/wp-content/uploads/2018/09/Mała-Książka-Wielki-Człowiek-Plakat-380x320.jpg

Mała-Książka-Wielki-Człowiek-Plakat-376x316.jpg

https://www.mojabochnia.pl/wp-content/uploads/2018/09/Mała-Książka-Wielki-Człowiek-Plakat-376x316.jpg

Mała-Książka-Wielki-Człowiek-Plakat-555x320.jpg

https://www.mojabochnia.pl/wp-content/uploads/2018/09/Mała-Książka-Wielki-Człowiek-Plakat-555x320.jpg

Mała-Książka-Wielki-Człowiek-Plakat-e1537783874332.jpg

https://www.mojabochnia.pl/wp-content/uploads/2018/09/Mała-Książka-Wielki-Człowiek-Plakat-e1537783874332.jpg
