{"id":144881,"date":"2016-01-14T16:18:21","date_gmt":"2016-01-14T15:18:21","guid":{"rendered":"http:\/\/www.mojabochnia.pl\/wp-content\/uploads\/2016\/01\/zdjecie-g\u0142\u00f3wne-artyku\u0142uaa-.jpg"},"modified":"2016-01-14T16:18:30","modified_gmt":"2016-01-14T15:18:30","slug":"zdjecie-glowne-artykuluaa","status":"inherit","type":"attachment","link":"https:\/\/www.mojabochnia.pl\/?attachment_id=144881","title":{"rendered":"Specjalny koncert grupy A.R.T na rzecz WO\u015aP"},"author":4,"featured_media":0,"comment_status":"open","ping_status":"closed","template":"","meta":{"_acf_changed":false},"class_list":["post-144881","attachment","type-attachment","status-inherit","hentry"],"acf":[],"description":{"rendered":"<p class=\"attachment\"><a onclick=\"javascript:pageTracker._trackPageview('\/downloads\/wp-content\/uploads\/2016\/01\/zdjecie-g\u0142\u00f3wne-artyku\u0142uaa-.jpg');\"  href='https:\/\/www.mojabochnia.pl\/wp-content\/uploads\/2016\/01\/zdjecie-g\u0142\u00f3wne-artyku\u0142uaa-.jpg'><img loading=\"lazy\" decoding=\"async\" width=\"468\" height=\"310\" src=\"https:\/\/www.mojabochnia.pl\/wp-content\/uploads\/2016\/01\/zdjecie-g\u0142\u00f3wne-artyku\u0142uaa--468x310.jpg\" class=\"attachment-medium size-medium\" alt=\"\" srcset=\"https:\/\/www.mojabochnia.pl\/wp-content\/uploads\/2016\/01\/zdjecie-g\u0142\u00f3wne-artyku\u0142uaa--468x310.jpg 468w, https:\/\/www.mojabochnia.pl\/wp-content\/uploads\/2016\/01\/zdjecie-g\u0142\u00f3wne-artyku\u0142uaa--120x79.jpg 120w, https:\/\/www.mojabochnia.pl\/wp-content\/uploads\/2016\/01\/zdjecie-g\u0142\u00f3wne-artyku\u0142uaa--660x438.jpg 660w, https:\/\/www.mojabochnia.pl\/wp-content\/uploads\/2016\/01\/zdjecie-g\u0142\u00f3wne-artyku\u0142uaa--152x100.jpg 152w, https:\/\/www.mojabochnia.pl\/wp-content\/uploads\/2016\/01\/zdjecie-g\u0142\u00f3wne-artyku\u0142uaa-.jpg 800w\" sizes=\"auto, (max-width: 468px) 100vw, 468px\" \/><\/a><\/p>\n"},"caption":{"rendered":"<p>DK \u0141apan\u00f3w<\/p>\n"},"alt_text":"","media_type":"image","mime_type":"image\/jpeg","media_details":{"width":800,"height":531,"file":"2016\/01\/zdjecie-g\u0142\u00f3wne-artyku\u0142uaa-.jpg","sizes":{"thumbnail":{"file":"zdjecie-g\u0142\u00f3wne-artyku\u0142uaa--120x79.jpg","width":120,"height":79,"mime_type":"image\/jpeg","source_url":"https:\/\/www.mojabochnia.pl\/wp-content\/uploads\/2016\/01\/zdjecie-g\u0142\u00f3wne-artyku\u0142uaa--120x79.jpg"},"medium":{"file":"zdjecie-g\u0142\u00f3wne-artyku\u0142uaa--468x310.jpg","width":468,"height":310,"mime_type":"image\/jpeg","source_url":"https:\/\/www.mojabochnia.pl\/wp-content\/uploads\/2016\/01\/zdjecie-g\u0142\u00f3wne-artyku\u0142uaa--468x310.jpg"},"large":{"file":"zdjecie-g\u0142\u00f3wne-artyku\u0142uaa--660x438.jpg","width":660,"height":438,"mime_type":"image\/jpeg","source_url":"https:\/\/www.mojabochnia.pl\/wp-content\/uploads\/2016\/01\/zdjecie-g\u0142\u00f3wne-artyku\u0142uaa--660x438.jpg"},"thumb30":{"file":"zdjecie-g\u0142\u00f3wne-artyku\u0142uaa--30x30.jpg","width":30,"height":30,"mime_type":"image\/jpeg","source_url":"https:\/\/www.mojabochnia.pl\/wp-content\/uploads\/2016\/01\/zdjecie-g\u0142\u00f3wne-artyku\u0142uaa--30x30.jpg"},"thumb67":{"file":"zdjecie-g\u0142\u00f3wne-artyku\u0142uaa--67x67.jpg","width":67,"height":67,"mime_type":"image\/jpeg","source_url":"https:\/\/www.mojabochnia.pl\/wp-content\/uploads\/2016\/01\/zdjecie-g\u0142\u00f3wne-artyku\u0142uaa--67x67.jpg"},"thumb152":{"file":"zdjecie-g\u0142\u00f3wne-artyku\u0142uaa--152x100.jpg","width":152,"height":100,"mime_type":"image\/jpeg","source_url":"https:\/\/www.mojabochnia.pl\/wp-content\/uploads\/2016\/01\/zdjecie-g\u0142\u00f3wne-artyku\u0142uaa--152x100.jpg"},"full":{"file":"zdjecie-g\u0142\u00f3wne-artyku\u0142uaa-.jpg","width":800,"height":531,"mime_type":"image\/jpeg","source_url":"https:\/\/www.mojabochnia.pl\/wp-content\/uploads\/2016\/01\/zdjecie-g\u0142\u00f3wne-artyku\u0142uaa-.jpg"}},"image_meta":{"aperture":4.8,"credit":"","camera":"NIKON D5000","caption":"","created_timestamp":1420869999,"copyright":"","focal_length":"120","iso":"1600","shutter_speed":"0.04","title":"","orientation":0}},"post":144862,"source_url":"https:\/\/www.mojabochnia.pl\/wp-content\/uploads\/2016\/01\/zdjecie-g\u0142\u00f3wne-artyku\u0142uaa-.jpg","_links":{"self":[{"href":"https:\/\/www.mojabochnia.pl\/index.php?rest_route=\/wp\/v2\/media\/144881","targetHints":{"allow":["GET"]}}],"collection":[{"href":"https:\/\/www.mojabochnia.pl\/index.php?rest_route=\/wp\/v2\/media"}],"about":[{"href":"https:\/\/www.mojabochnia.pl\/index.php?rest_route=\/wp\/v2\/types\/attachment"}],"author":[{"embeddable":true,"href":"https:\/\/www.mojabochnia.pl\/index.php?rest_route=\/wp\/v2\/users\/4"}],"replies":[{"embeddable":true,"href":"https:\/\/www.mojabochnia.pl\/index.php?rest_route=%2Fwp%2Fv2%2Fcomments&post=144881"}],"wp:attached-to":[{"embeddable":true,"post_type":"post","id":144862,"href":"https:\/\/www.mojabochnia.pl\/index.php?rest_route=\/wp\/v2\/posts\/144862"}],"curies":[{"name":"wp","href":"https:\/\/api.w.org\/{rel}","templated":true}]}}

http://www.mojabochnia.pl/wp-content/uploads/2016/01/zdjecie-główne-artykułuaa-.jpg

Specjalny koncert grupy A.R.T na rzecz WOŚP

<p class="attachment"><a onclick="javascript:pageTracker._trackPageview('/downloads/wp-content/uploads/2016/01/zdjecie-główne-artykułuaa-.jpg');"  href='https://www.mojabochnia.pl/wp-content/uploads/2016/01/zdjecie-główne-artykułuaa-.jpg'><img loading="lazy" decoding="async" width="468" height="310" src="https://www.mojabochnia.pl/wp-content/uploads/2016/01/zdjecie-główne-artykułuaa--468x310.jpg" class="attachment-medium size-medium" alt="" srcset="https://www.mojabochnia.pl/wp-content/uploads/2016/01/zdjecie-główne-artykułuaa--468x310.jpg 468w, https://www.mojabochnia.pl/wp-content/uploads/2016/01/zdjecie-główne-artykułuaa--120x79.jpg 120w, https://www.mojabochnia.pl/wp-content/uploads/2016/01/zdjecie-główne-artykułuaa--660x438.jpg 660w, https://www.mojabochnia.pl/wp-content/uploads/2016/01/zdjecie-główne-artykułuaa--152x100.jpg 152w, https://www.mojabochnia.pl/wp-content/uploads/2016/01/zdjecie-główne-artykułuaa-.jpg 800w" sizes="auto, (max-width: 468px) 100vw, 468px" /></a></p>

<p>DK Łapanów</p>

2016/01/zdjecie-główne-artykułuaa-.jpg

zdjecie-główne-artykułuaa--120x79.jpg

https://www.mojabochnia.pl/wp-content/uploads/2016/01/zdjecie-główne-artykułuaa--120x79.jpg

zdjecie-główne-artykułuaa--468x310.jpg

https://www.mojabochnia.pl/wp-content/uploads/2016/01/zdjecie-główne-artykułuaa--468x310.jpg

zdjecie-główne-artykułuaa--660x438.jpg

https://www.mojabochnia.pl/wp-content/uploads/2016/01/zdjecie-główne-artykułuaa--660x438.jpg

zdjecie-główne-artykułuaa--30x30.jpg

https://www.mojabochnia.pl/wp-content/uploads/2016/01/zdjecie-główne-artykułuaa--30x30.jpg

zdjecie-główne-artykułuaa--67x67.jpg

https://www.mojabochnia.pl/wp-content/uploads/2016/01/zdjecie-główne-artykułuaa--67x67.jpg

zdjecie-główne-artykułuaa--152x100.jpg

https://www.mojabochnia.pl/wp-content/uploads/2016/01/zdjecie-główne-artykułuaa--152x100.jpg

zdjecie-główne-artykułuaa-.jpg

https://www.mojabochnia.pl/wp-content/uploads/2016/01/zdjecie-główne-artykułuaa-.jpg
