{"id":133603,"date":"2015-07-06T14:34:38","date_gmt":"2015-07-06T12:34:38","guid":{"rendered":"http:\/\/www.mojabochnia.pl\/wp-content\/uploads\/2015\/07\/DSC_0633.jpg"},"modified":"2015-07-06T14:35:04","modified_gmt":"2015-07-06T12:35:04","slug":"dsc_0633","status":"inherit","type":"attachment","link":"https:\/\/www.mojabochnia.pl\/?attachment_id=133603","title":{"rendered":"Piesza Pielgrzymka Krakowska na Jasn\u0105 G\u00f3r\u0119"},"author":4,"featured_media":0,"comment_status":"open","ping_status":"closed","template":"","meta":{"_acf_changed":false},"class_list":["post-133603","attachment","type-attachment","status-inherit","hentry"],"acf":[],"description":{"rendered":"<p class=\"attachment\"><a onclick=\"javascript:pageTracker._trackPageview('\/downloads\/wp-content\/uploads\/2015\/07\/DSC_0633.jpg');\"  href='https:\/\/www.mojabochnia.pl\/wp-content\/uploads\/2015\/07\/DSC_0633.jpg'><img loading=\"lazy\" decoding=\"async\" width=\"468\" height=\"263\" src=\"https:\/\/www.mojabochnia.pl\/wp-content\/uploads\/2015\/07\/DSC_0633-468x263.jpg\" class=\"attachment-medium size-medium\" alt=\"\" srcset=\"https:\/\/www.mojabochnia.pl\/wp-content\/uploads\/2015\/07\/DSC_0633-468x263.jpg 468w, https:\/\/www.mojabochnia.pl\/wp-content\/uploads\/2015\/07\/DSC_0633-120x67.jpg 120w, https:\/\/www.mojabochnia.pl\/wp-content\/uploads\/2015\/07\/DSC_0633-152x85.jpg 152w, https:\/\/www.mojabochnia.pl\/wp-content\/uploads\/2015\/07\/DSC_0633.jpg 621w\" sizes=\"auto, (max-width: 468px) 100vw, 468px\" \/><\/a><\/p>\n"},"caption":{"rendered":"<p>z arch. Grupy nr 3<\/p>\n"},"alt_text":"","media_type":"image","mime_type":"image\/jpeg","media_details":{"width":621,"height":349,"file":"2015\/07\/DSC_0633.jpg","sizes":{"thumbnail":{"file":"DSC_0633-120x67.jpg","width":120,"height":67,"mime_type":"image\/jpeg","source_url":"https:\/\/www.mojabochnia.pl\/wp-content\/uploads\/2015\/07\/DSC_0633-120x67.jpg"},"medium":{"file":"DSC_0633-468x263.jpg","width":468,"height":263,"mime_type":"image\/jpeg","source_url":"https:\/\/www.mojabochnia.pl\/wp-content\/uploads\/2015\/07\/DSC_0633-468x263.jpg"},"thumb30":{"file":"DSC_0633-30x30.jpg","width":30,"height":30,"mime_type":"image\/jpeg","source_url":"https:\/\/www.mojabochnia.pl\/wp-content\/uploads\/2015\/07\/DSC_0633-30x30.jpg"},"thumb67":{"file":"DSC_0633-67x67.jpg","width":67,"height":67,"mime_type":"image\/jpeg","source_url":"https:\/\/www.mojabochnia.pl\/wp-content\/uploads\/2015\/07\/DSC_0633-67x67.jpg"},"thumb152":{"file":"DSC_0633-152x85.jpg","width":152,"height":85,"mime_type":"image\/jpeg","source_url":"https:\/\/www.mojabochnia.pl\/wp-content\/uploads\/2015\/07\/DSC_0633-152x85.jpg"},"full":{"file":"DSC_0633.jpg","width":621,"height":349,"mime_type":"image\/jpeg","source_url":"https:\/\/www.mojabochnia.pl\/wp-content\/uploads\/2015\/07\/DSC_0633.jpg"}},"image_meta":{"aperture":2.4,"credit":"Picasa","camera":"C2105","caption":"","created_timestamp":1407308935,"copyright":"","focal_length":"2.87","iso":"100","shutter_speed":"0.023809523809524","title":"","orientation":0}},"post":133601,"source_url":"https:\/\/www.mojabochnia.pl\/wp-content\/uploads\/2015\/07\/DSC_0633.jpg","_links":{"self":[{"href":"https:\/\/www.mojabochnia.pl\/index.php?rest_route=\/wp\/v2\/media\/133603","targetHints":{"allow":["GET"]}}],"collection":[{"href":"https:\/\/www.mojabochnia.pl\/index.php?rest_route=\/wp\/v2\/media"}],"about":[{"href":"https:\/\/www.mojabochnia.pl\/index.php?rest_route=\/wp\/v2\/types\/attachment"}],"author":[{"embeddable":true,"href":"https:\/\/www.mojabochnia.pl\/index.php?rest_route=\/wp\/v2\/users\/4"}],"replies":[{"embeddable":true,"href":"https:\/\/www.mojabochnia.pl\/index.php?rest_route=%2Fwp%2Fv2%2Fcomments&post=133603"}],"wp:attached-to":[{"embeddable":true,"post_type":"post","id":133601,"href":"https:\/\/www.mojabochnia.pl\/index.php?rest_route=\/wp\/v2\/posts\/133601"}],"curies":[{"name":"wp","href":"https:\/\/api.w.org\/{rel}","templated":true}]}}

Piesza Pielgrzymka Krakowska na Jasną Górę
