{"id":106473,"date":"2014-03-13T09:15:28","date_gmt":"2014-03-13T08:15:28","guid":{"rendered":"http:\/\/www.mojabochnia.pl\/wp-content\/uploads\/2014\/03\/IMG_5189.jpg"},"modified":"2014-03-13T09:15:28","modified_gmt":"2014-03-13T08:15:28","slug":"img_5189-4","status":"inherit","type":"attachment","link":"https:\/\/www.mojabochnia.pl\/?attachment_id=106473","title":{"rendered":"Stra\u017cacy zn\u00f3w maj\u0105 pe\u0142ne r\u0119ce roboty"},"author":4,"featured_media":0,"comment_status":"open","ping_status":"closed","template":"","meta":{"_acf_changed":false},"class_list":["post-106473","attachment","type-attachment","status-inherit","hentry"],"acf":[],"description":{"rendered":"<p class=\"attachment\"><a onclick=\"javascript:pageTracker._trackPageview('\/downloads\/wp-content\/uploads\/2014\/03\/IMG_5189.jpg');\"  href='https:\/\/www.mojabochnia.pl\/wp-content\/uploads\/2014\/03\/IMG_5189.jpg'><img loading=\"lazy\" decoding=\"async\" width=\"468\" height=\"263\" src=\"https:\/\/www.mojabochnia.pl\/wp-content\/uploads\/2014\/03\/IMG_5189-468x263.jpg\" class=\"attachment-medium size-medium\" alt=\"\" srcset=\"https:\/\/www.mojabochnia.pl\/wp-content\/uploads\/2014\/03\/IMG_5189-468x263.jpg 468w, https:\/\/www.mojabochnia.pl\/wp-content\/uploads\/2014\/03\/IMG_5189-120x67.jpg 120w, https:\/\/www.mojabochnia.pl\/wp-content\/uploads\/2014\/03\/IMG_5189.jpg 660w\" sizes=\"auto, (max-width: 468px) 100vw, 468px\" \/><\/a><\/p>\n"},"caption":{"rendered":"<p>z arch. PSP Bochnia<\/p>\n"},"alt_text":"","media_type":"image","mime_type":"image\/jpeg","media_details":{"width":660,"height":372,"file":"2014\/03\/IMG_5189.jpg","sizes":{"thumbnail":{"file":"IMG_5189-120x67.jpg","width":120,"height":67,"mime_type":"image\/jpeg","source_url":"https:\/\/www.mojabochnia.pl\/wp-content\/uploads\/2014\/03\/IMG_5189-120x67.jpg"},"medium":{"file":"IMG_5189-468x263.jpg","width":468,"height":263,"mime_type":"image\/jpeg","source_url":"https:\/\/www.mojabochnia.pl\/wp-content\/uploads\/2014\/03\/IMG_5189-468x263.jpg"},"thumb30":{"file":"IMG_5189-30x30.jpg","width":30,"height":30,"mime_type":"image\/jpeg","source_url":"https:\/\/www.mojabochnia.pl\/wp-content\/uploads\/2014\/03\/IMG_5189-30x30.jpg"},"thumb67":{"file":"IMG_5189-67x67.jpg","width":67,"height":67,"mime_type":"image\/jpeg","source_url":"https:\/\/www.mojabochnia.pl\/wp-content\/uploads\/2014\/03\/IMG_5189-67x67.jpg"},"full":{"file":"IMG_5189.jpg","width":660,"height":372,"mime_type":"image\/jpeg","source_url":"https:\/\/www.mojabochnia.pl\/wp-content\/uploads\/2014\/03\/IMG_5189.jpg"}},"image_meta":{"aperture":3.5,"credit":"Picasa","camera":"Canon PowerShot A620","caption":"","created_timestamp":1239212064,"copyright":"","focal_length":"14.926","iso":0,"shutter_speed":"0.016666666666667","title":""}},"post":106468,"source_url":"https:\/\/www.mojabochnia.pl\/wp-content\/uploads\/2014\/03\/IMG_5189.jpg","_links":{"self":[{"href":"https:\/\/www.mojabochnia.pl\/index.php?rest_route=\/wp\/v2\/media\/106473","targetHints":{"allow":["GET"]}}],"collection":[{"href":"https:\/\/www.mojabochnia.pl\/index.php?rest_route=\/wp\/v2\/media"}],"about":[{"href":"https:\/\/www.mojabochnia.pl\/index.php?rest_route=\/wp\/v2\/types\/attachment"}],"author":[{"embeddable":true,"href":"https:\/\/www.mojabochnia.pl\/index.php?rest_route=\/wp\/v2\/users\/4"}],"replies":[{"embeddable":true,"href":"https:\/\/www.mojabochnia.pl\/index.php?rest_route=%2Fwp%2Fv2%2Fcomments&post=106473"}],"wp:attached-to":[{"embeddable":true,"post_type":"post","id":106468,"href":"https:\/\/www.mojabochnia.pl\/index.php?rest_route=\/wp\/v2\/posts\/106468"}],"curies":[{"name":"wp","href":"https:\/\/api.w.org\/{rel}","templated":true}]}}

Strażacy znów mają pełne ręce roboty
